{"text_format":"3","workbook":"xlsx","n_sheets":22,"sheets":["Cover","Ranks & Ratings","Ratings Over Time","Ranks Over Time","Associate Centres","Mean - Top 5 by Region","Top 5","Centres to be More Significant","Areas of Competitiveness","Profiles","Western Europe","Eastern Europe & Central Asia","Asia&Pacific","North America","Latin America & the Caribbean","Middle East & Africa ","Industry Sectors","Reputation","Stability","Assessments","Respondents","Inst Factors"],"not_rendered":{"charts":9,"images":2,"external_links":1,"defined_names":9},"read":"whole","date_system":"1900"}

{"sheet":"Cover","index":0,"n_rows":0,"n_cols":0,"rows_kept":0}

{"sheet":"Ranks & Ratings","index":1,"n_rows":87,"n_cols":8,"rows_kept":87}
["City","GFCI 19 Rank","GFCI 19 Rating","GFCI 18 Rank","GFCI 18 Rating","Change in Rank","Change in Rating","Region"]
["London",1,800,1,796,"-","▲4","Western Europe"]
["New York",2,792,2,788,"-","▲4","North America"]
["Singapore",3,755,4,750,"▲1","▲5","Asia/Pacific"]
["Hong Kong",4,753,3,755,"▼1","▼2","Asia/Pacific"]
["Tokyo",5,728,5,725,"-","▲3","Asia/Pacific"]
["Zurich",6,714,7,715,"▲1","▼1","Western Europe"]
["Washington DC",7,712,10,711,"▲3","▲1","North America"]
["San Francisco",8,711,9,712,"▲1","▼1","North America"]
["Boston",9,709,12,709,"▲3","-","North America"]
["Toronto",10,707,8,714,"▼2","▼7","North America"]
["Chicago",11,706,11,710,"-","▼4","North America"]
["Seoul",12,705,6,724,"▼6","▼19","Asia/Pacific"]
["Dubai",13,699,16,704,"▲3","▼5","Middle East & Africa"]
["Luxembourg",14,698,19,700,"▲5","▼2","Western Europe"]
["Geneva",15,694,13,707,"▼2","▼13","Western Europe"]
["Shanghai",16,693,21,698,"▲5","▼5","Asia/Pacific"]
["Sydney",17,692,15,705,"▼2","▼13","Asia/Pacific"]
["Frankfurt",18,689,14,706,"▼4","▼17","Western Europe"]
["Shenzhen",19,688,23,694,"▲4","▼6","Asia/Pacific"]
["Osaka",20,687,20,699,"-","▼12","Asia/Pacific"]
["Montreal",21,686,17,703,"▼4","▼17","North America"]
["Vancouver",22,684,18,702,"▼4","▼18","North America"]
["Beijing",23,682,29,676,"▲6","▲6","Asia/Pacific"]
["Taipei",24,677,26,686,"▲2","▼9","Asia/Pacific"]
["Tel Aviv",25,676,25,687,"-","▼11","Middle East & Africa"]
["Abu Dhabi",26,675,28,679,"▲2","▼4","Middle East & Africa"]
["Munich",27,672,40,661,"▲13","▲11","Western Europe"]
["Calgary",28,671,39,662,"▲11","▲9","North America"]
["Los Angeles",29,670,49,650,"▲20","▲20","North America"]
["Melbourne",30,669,27,685,"▼3","▼16","Asia/Pacific"]
["Dalian",31,668,41,660,"▲10","▲8","Asia/Pacific"]
["Paris",32,667,37,664,"▲5","▲3","Western Europe"]
["Casablanca",33,665,44,657,"▲11","▲8","Middle East & Africa"]
["Amsterdam",34,664,36,665,"▲2","▼1","Western Europe"]
["Doha",35,652,22,695,"▼13","▼43","Middle East & Africa"]
["Kuala Lumpur",36,649,45,656,"▲9","▼7","Asia/Pacific"]
["Stockholm",37,648,32,671,"▼5","▼23","Western Europe"]
["Busan",38,644,24,690,"▼14","▼46","Asia/Pacific"]
["Dublin",39,643,46,654,"▲7","▼11","Western Europe"]
["Vienna",40,642,30,674,"▼10","▼32","Western Europe"]
["Cayman Islands",41,641,34,668,"▼7","▼27","Latin America & the Caribbean"]
["Mumbai",42,640,59,627,"▲17","▲13","Asia/Pacific"]
["Sao Paulo",43,639,31,672,"▼12","▼33","Latin America & the Caribbean"]
["Rio de Janeiro",44,637,35,666,"▼9","▼29","Latin America & the Caribbean"]
["Istanbul",45,636,47,653,"▲2","▼17","Eastern Europe & Central Asia"]
["British Virgin Islands",46,635,43,658,"▼3","▼23","Latin America & the Caribbean"]
["Bangkok",47,633,48,651,"▲1","▼18","Asia/Pacific"]
["Warsaw",48,631,38,663,"▼10","▼32","Eastern Europe & Central Asia"]
["Copenhagen",49,630,61,625,"▲12","▲5","Western Europe"]
["Bermuda",50,629,42,659,"▼8","▼30","Latin America & the Caribbean"]
["Johannesburg",51,628,33,669,"▼18","▼41","Middle East & Africa"]
["Brussels",52,627,62,624,"▲10","▲3","Western Europe"]
["Mexico City",53,626,69,616,"▲16","▲10","Latin America & the Caribbean"]
["Milan",54,625,65,621,"▲11","▲4","Western Europe"]
["Manila",55,624,55,631,"-","▼7","Asia/Pacific"]
["Edinburgh",56,623,71,613,"▲15","▲10","Western Europe"]
["Prague",57,622,63,623,"▲6","▼1","Eastern Europe & Central Asia"]
["Jakarta",58,621,73,610,"▲15","▲11","Asia/Pacific"]
["Glasgow",59,620,70,615,"▲11","▲5","Western Europe"]
["Helsinki",60,619,77,604,"▲17","▲15","Western Europe"]
["Gibraltar",61,618,56,630,"▼5","▼12","Western Europe"]
["Jersey",62,617,53,633,"▼9","▼16","Western Europe"]
["Rome",63,616,76,605,"▲13","▲11","Western Europe"]
["Madrid",64,615,79,597,"▲15","▲18","Western Europe"]
["Oslo",65,614,67,618,"▲2","▼4","Western Europe"]
["Guernsey",66,613,54,632,"▼12","▼19","Western Europe"]
["Moscow",67,611,78,598,"▲11","▲13","Eastern Europe & Central Asia"]
["Isle of Man",68,610,58,628,"▼10","▼18","Western Europe"]
["Bahrain",69,609,50,647,"▼19","▼38","Middle East & Africa"]
["Riyadh",70,606,57,629,"▼13","▼23","Middle East & Africa"]
["Riga",71,605,"-","-","-","-","Eastern Europe & Central Asia"]
["Panama",72,603,52,638,"▼20","▼35","Latin America & the Caribbean"]
["Mauritius",73,601,64,622,"▼9","▼21","Middle East & Africa"]
["Budapest",74,600,74,609,"-","▼9","Eastern Europe & Central Asia"]
["Lisbon",75,599,66,619,"▼9","▼20","Western Europe"]
["Liechtenstein",76,598,60,626,"▼16","▼28","Western Europe"]
["Almaty",77,597,51,640,"▼26","▼43","Eastern Europe & Central Asia"]
["Tallinn",78,596,82,550,"▲4","▲46","Eastern Europe & Central Asia"]
["Qingdao",79,594,"-","-","-","-","Asia/Pacific"]
["Monaco",80,590,72,612,"▼8","▼22","Western Europe"]
["Malta",81,587,68,617,"▼13","▼30","Western Europe"]
["St Petersburg",82,585,81,552,"▼1","▲33","Eastern Europe & Central Asia"]
["Cyprus",83,576,80,587,"▼3","▼11","Eastern Europe & Central Asia"]
["Bahamas",84,568,75,606,"▼9","▼38","Latin America & the Caribbean"]
["Reykjavik",85,562,84,537,"▼1","▲25","Western Europe"]
["Athens",86,558,83,540,"▼3","▲18","Eastern Europe & Central Asia"]

{"sheet":"Ratings Over Time","index":2,"n_rows":89,"n_cols":20,"rows_kept":89}
["Centre","GFCI 1","GFCI 2","GFCI 3","GFCI 4","GFCI 5","GFCI 6","GFCI 7","GFCI 8","GFCI 9","GFCI 10","GFCI 11","GFCI 12","GFCI 13","GFCI 14","GFCI 15","GFCI 16","GFCI 17","GFCI 18","GFCI 19"]
["London",765,806,795,791,781,790,775,772,775,774,781,785,807,794,784,777,784,796,800]
["New York",760,787,786,774,768,774,775,770,769,773,772,765,787,779,786,778,785,788,792]
["Singapore",661,673,675,701,687,719,733,728,722,735,729,725,759,751,751,746,754,750,755]
["Hong Kong",685,697,695,700,684,729,739,760,759,770,754,733,761,759,761,756,758,755,753]
["Tokyo",633,625,628,642,611,674,692,697,694,695,693,684,718,720,722,718,722,725,728]
["Zurich",656,666,665,676,659,676,677,669,665,686,689,691,723,718,730,717,719,715,714]
["Washington DC",594,589,597,600,596,630,647,649,650,670,677,672,692,689,706,704,703,711,712]
["San Francisco",611,608,614,620,609,634,651,654,655,681,683,678,695,697,711,719,708,712,711]
["Boston",609,621,618,625,618,634,652,655,656,678,684,680,711,714,715,705,706,709,709]
["Toronto",614,613,610,624,615,647,667,656,658,680,685,681,696,699,705,703,704,714,707]
["Chicago",636,639,638,641,638,661,678,678,673,692,688,683,698,695,704,702,707,710,706]
["Seoul",432,464,455,502,462,576,615,621,651,679,686,685,710,701,718,715,718,724,705]
["Dubai",570,575,585,597,580,617,618,607,605,622,641,648,675,671,684,694,688,704,699]
["Luxembourg",570,596,605,622,612,637,643,634,630,637,648,646,687,696,707,697,694,700,698]
["Geneva",627,645,640,645,638,660,671,661,659,672,679,682,712,710,713,701,702,707,694]
["Shanghai",578,527,554,568,538,655,668,693,694,724,687,656,674,690,695,690,695,698,693]
["Sydney",638,636,621,630,610,651,670,660,658,669,674,670,686,692,690,682,690,705,692]
["Frankfurt",647,649,642,636,633,649,660,659,654,667,681,677,703,702,709,695,692,706,689]
["Shenzhen",{"$nulls":5},695,665,654,653,642,638,637,650,660,697,680,689,694,688]
["Osaka",null,502,469,493,469,565,606,601,594,641,647,650,676,655,676,667,668,699,687]
["Montreal",583,538,560,579,568,586,617,617,615,652,658,667,689,688,699,693,693,703,686]
["Vancouver",559,525,548,580,569,589,623,627,626,661,667,668,690,686,698,700,696,702,684]
["Beijing",514,482,493,509,478,613,651,653,650,655,644,626,622,598,649,668,674,676,682]
["Taipei",null,null,540,541,518,609,638,639,639,645,643,628,653,619,636,677,686,686,677]
["Tel Aviv",{"$nulls":13},653,692,664,684,687,676]
["Abu Dhabi",{"$nulls":10},618,631,649,637,678,692,685,679,675]
["Munich",null,535,546,578,558,588,610,610,617,649,656,645,669,651,685,663,670,661,672]
["Calgary",{"$nulls":10},642,647,688,684,691,678,661,662,671]
["Los Angeles",{"$nulls":17},650,670]
["Melbourne",602,588,573,586,562,584,617,622,621,656,653,657,672,652,670,681,677,685,669]
["Dalian",{"$nulls":16},632,660,668]
["Paris",625,622,612,607,600,630,642,645,637,643,650,640,670,656,672,669,653,664,667]
["Casablanca",{"$nulls":14},622,635,645,657,665]
["Amsterdam",577,599,585,590,575,586,604,595,593,625,637,638,655,629,652,658,649,665,664]
["Doha",null,440,491,525,507,558,600,592,597,636,630,634,661,672,687,684,691,695,652]
["Kuala Lumpur",{"$nulls":4},510,557,571,569,573,619,635,644,681,675,675,656,652,656,649]
["Stockholm",559,554,553,569,556,569,595,587,592,638,645,642,657,644,683,665,655,671,648]
["Busan",{"$nulls":14},686,676,687,690,644]
["Dublin",578,605,613,622,618,613,612,605,592,614,621,618,627,605,616,607,627,654,643]
["Vienna",519,515,507,530,513,555,583,571,576,615,636,633,685,685,696,673,656,674,642]
["Cayman Islands",604,564,575,602,591,608,615,592,587,610,628,625,647,642,655,632,650,668,641]
["Mumbai",460,470,481,497,485,542,562,550,541,578,584,586,605,570,584,625,626,627,640]
["Sao Paulo",null,434,451,471,440,560,590,573,574,607,612,619,644,643,667,666,644,672,639]
["Rio de Janeiro",{"$nulls":5},532,566,561,563,602,608,608,639,654,653,650,638,666,637]
["Istanbul",{"$nulls":5},442,470,496,494,580,590,601,626,633,651,655,643,653,636]
["British Virgin Islands",null,null,574,584,549,584,596,582,584,611,623,624,640,626,654,639,657,658,635]
["Bangkok",{"$nulls":4},480,532,549,537,536,585,594,600,619,600,640,646,633,651,633]
["Warsaw",459,438,433,424,381,456,520,517,538,593,606,598,608,571,626,612,606,663,631]
["Copenhagen",525,488,502,548,532,560,587,573,571,626,634,635,643,625,623,626,612,625,630]
["Hamilton (Bermuda)",603,562,573,586,564,597,612,592,589,616,625,621,638,641,631,628,648,659,629]
["Johannesburg",null,463,511,525,503,550,566,555,551,603,603,603,610,592,647,659,662,669,628]
["Brussels",542,546,548,559,552,568,591,582,581,612,620,620,641,597,630,630,607,624,627]
["Mexico City",{"$nulls":5},541,563,563,561,609,610,602,628,584,605,652,623,616,626]
["Milan",546,519,520,541,521,554,579,577,581,606,609,612,652,618,650,638,596,621,625]
["Manila",{"$nulls":5},494,527,523,519,570,573,570,588,587,610,627,611,631,624]
["Edinburgh",604,587,604,614,600,605,615,600,600,632,632,632,632,590,620,621,599,613,623]
["Prague",452,454,437,444,396,492,543,543,547,605,602,604,611,565,589,623,613,623,622]
["Jakarta",{"$nulls":5},511,535,534,532,577,588,573,592,606,606,620,618,610,621]
["Glasgow",null,null,592,586,554,550,570,572,571,628,627,630,636,586,590,636,600,615,620]
["Helsinki",538,518,512,534,512,533,573,549,546,618,626,627,634,604,592,582,581,604,619]
["Gibraltar",null,null,574,589,549,543,568,554,546,584,587,599,615,572,639,633,642,630,618]
["Jersey",null,null,607,622,613,640,643,626,624,650,652,654,668,657,657,624,625,633,617]
["Rome",473,479,471,467,439,537,574,563,568,597,596,590,648,650,637,631,586,605,616]
["Madrid",559,516,509,525,506,560,581,584,588,608,617,614,635,607,604,585,582,597,615]
["Oslo",527,500,495,534,523,538,581,557,560,621,629,636,667,669,677,629,601,618,614]
["Guernsey",null,null,603,622,615,638,632,616,607,635,639,641,660,649,656,619,624,632,613]
["Moscow",419,415,423,414,363,462,516,506,506,581,583,585,606,580,591,536,579,598,611]
["Isle of Man",null,583,597,611,601,609,618,598,590,617,624,629,645,638,642,622,617,628,610]
["Manama",null,455,514,529,513,558,587,578,566,596,600,596,607,610,660,634,641,647,609]
["Riyadh",{"$nulls":5},457,507,503,500,575,572,584,656,627,682,685,698,629,606]
["Riga",{"$nulls":18},605]
["Panama",{"$nulls":12},597,589,628,637,637,638,603]
["Port Louis",{"$nulls":5},536,552,535,533,571,578,579,590,581,621,608,598,622,601]
["Budapest",421,396,404,374,306,425,481,467,468,543,552,544,541,515,560,566,575,609,600]
["Lisbon",452,422,420,430,409,477,529,534,525,582,575,554,552,535,536,555,570,619,599]
["Liechtenstein",{"$nulls":17},626,598]
["Almaty",{"$nulls":14},629,653,634,640,597]
["Tallinn",{"$nulls":5},445,488,451,456,574,570,583,589,495,510,498,531,550,596]
["Qingdao",{"$nulls":18},594]
["Monaco",null,null,522,552,533,563,578,567,562,583,593,597,654,674,689,674,616,612,590]
["Valletta",{"$nulls":5},543,565,554,538,568,568,575,595,608,614,581,594,617,587]
["St Petersburg",{"$nulls":5},453,501,491,504,554,567,574,585,522,543,600,569,552,585]
["Nicosia",{"$nulls":12},576,536,541,540,551,587,576]
["Bahamas",null,null,544,563,537,551,557,529,517,545,550,572,587,583,618,603,597,606,568]
["Reykjavik",{"$nulls":5},415,447,441,436,491,517,539,546,479,505,465,484,537,562]
["Athens",395,393,396,379,335,433,480,465,457,477,468,463,473,469,423,481,499,540,558]
["Buenos Aires",{"$nulls":5},507,535,528,525,579,577,578,633,628,688,657]
["Wellington",513,447,452,473,432,541,582,585,587,640,640,639,646,636,666,594]

{"sheet":"Ranks Over Time","index":3,"n_rows":89,"n_cols":20,"rows_kept":89}
["Centre","GFCI 1","GFCI 2","GFCI 3","GFCI 4","GFCI 5","GFCI 6","GFCI 7","GFCI 8","GFCI 9","GFCI 10","GFCI 11","GFCI 12","GFCI 13","GFCI 14","GFCI 15","GFCI 16","GFCI 17","GFCI 18","GFCI 19"]
["London",1,1,1,1,1,1,1,1,1,1,1,1,1,1,2,2,2,1,1]
["New York",2,2,2,2,2,2,1,2,2,2,2,2,2,2,1,1,1,2,2]
["Singapore",4,4,4,3,3,4,4,4,4,4,4,4,4,4,4,4,4,4,3]
["Hong Kong",3,3,3,4,4,3,3,3,3,3,3,3,3,3,3,3,3,3,4]
["Tokyo",9,10,9,7,15,7,5,5,5,6,5,7,6,5,6,6,5,5,5]
["Zurich",5,5,5,5,5,6,7,8,8,8,6,5,5,6,5,7,6,7,6]
["Washington DC",19,18,20,22,21,19,17,17,17,14,15,14,14,17,13,10,12,10,7]
["San Francisco",13,14,12,17,17,17,15,14,13,9,12,12,13,12,10,5,8,9,8]
["Boston",14,12,11,11,9,17,14,13,12,12,11,11,8,7,8,9,10,12,9]
["Toronto",12,13,15,12,11,13,11,12,10,10,10,10,12,11,14,11,11,8,10]
["Chicago",8,8,8,8,6,8,6,7,7,7,7,8,11,14,15,12,9,11,11]
["Seoul",41,41,52,49,53,35,28,24,16,11,9,6,9,10,7,8,7,6,12]
["Dubai",24,22,23,23,23,21,24,28,28,35,29,22,23,25,29,17,23,16,13]
["Luxembourg",24,17,17,13,14,16,18,20,21,28,23,24,18,13,12,15,17,19,14]
["Geneva",10,7,7,6,6,9,8,9,9,13,14,9,7,8,9,13,13,13,15]
["Shanghai",21,29,31,34,35,10,10,6,5,5,8,19,24,16,20,20,16,21,16]
["Sydney",7,9,10,10,16,11,9,10,10,15,16,15,19,15,23,23,21,15,17]
["Frankfurt",6,6,6,9,8,12,13,11,14,16,13,13,10,9,11,16,19,14,18]
["Shenzhen","-","-","-","-","-",5,12,14,15,25,31,31,38,27,18,25,22,23,19]
["Osaka","-",35,51,51,52,38,34,30,31,26,24,21,22,30,34,33,31,20,20]
["Montreal",20,27,30,31,26,31,26,25,26,20,18,17,16,18,16,18,18,17,21]
["Vancouver",26,30,33,30,25,29,23,21,22,17,17,16,15,19,17,14,15,18,22]
["Beijing",35,38,47,48,51,22,15,16,17,19,26,42,57,58,48,32,29,29,23]
["Taipei","-","-",37,39,41,24,21,19,19,23,27,40,36,49,54,27,25,26,24]
["Tel Aviv","-","-","-","-","-","-","-","-","-","-","-","-","-",32,21,36,27,25,25]
["Abu Dhabi","-","-","-","-","-","-","-","-","-","-",47,37,39,42,32,19,26,28,26]
["Munich","-",28,35,32,29,30,33,27,25,22,19,25,27,34,28,37,30,40,27]
["Calgary","-","-","-","-","-","-","-","-","-","-",28,23,17,21,22,26,33,39,28]
["Los Angeles","-","-","-","-","-","-","-","-","-","-","-","-","-","-","-","-","-",49,29]
["Melbourne",18,19,28,26,28,33,26,23,24,18,20,18,25,33,37,24,28,27,30]
["Dalian","-","-","-","-","-","-","-","-","-","-","-","-","-","-","-","-",51,41,31]
["Paris",11,11,14,20,19,19,20,18,20,24,22,29,26,29,36,31,37,37,32]
["Casablanca","-","-","-","-","-","-","-","-","-","-","-","-","-","-",61,51,42,44,33]
["Amsterdam",23,16,23,24,24,31,35,33,32,34,32,30,34,44,45,39,40,36,34]
["Doha","-",45,48,45,46,43,36,34,30,29,37,34,30,24,26,22,20,22,35]
["Kuala Lumpur","-","-","-","-",45,45,50,47,44,37,34,26,21,22,35,41,38,45,36]
["Stockholm",26,25,32,33,30,36,38,37,33,27,25,27,32,37,30,35,36,32,37]
["Busan","-","-","-","-","-","-","-","-","-","-","-","-","-","-",27,28,24,24,38]
["Dublin",21,15,13,13,9,22,31,29,33,42,45,48,55,55,65,70,52,46,39]
["Vienna",34,34,44,43,42,46,43,46,42,41,33,35,20,20,19,30,35,30,40]
["Cayman Islands",15,23,25,21,22,26,28,34,38,45,39,43,41,39,42,54,39,34,41]
["Mumbai",37,40,49,50,49,53,57,56,57,63,63,62,65,71,75,61,53,59,42]
["Sao Paulo","-",47,53,52,54,40,40,43,43,48,49,47,43,38,38,34,43,31,43]
["Rio de Janeiro","-","-","-","-","-",59,53,51,49,52,52,51,47,31,44,45,47,35,44]
["Istanbul","-","-","-","-","-",71,73,69,70,61,60,55,56,43,46,42,44,47,45]
["British Virgin Islands","-","-",26,29,33,33,37,39,39,44,44,44,46,47,43,47,34,43,46]
["Bangkok","-","-","-","-",50,59,60,59,60,56,58,56,58,57,51,46,50,48,47]
["Warsaw",38,46,55,56,58,68,66,66,58,55,53,58,62,70,59,68,64,38,48]
["Copenhagen",33,37,45,38,38,40,41,43,45,33,35,33,44,48,60,60,61,61,49]
["Hamilton (Bermuda)",17,24,28,26,27,28,31,34,36,40,42,45,48,40,55,58,41,42,50]
["Johannesburg","-",42,42,45,48,49,53,53,53,51,54,53,61,60,49,38,32,33,51]
["Brussels",30,26,33,36,32,37,39,39,40,43,46,46,45,59,56,56,63,62,52]
["Mexico City","-","-","-","-","-",54,56,49,51,46,50,54,54,65,69,44,56,69,53]
["Milan",29,31,39,39,40,47,46,42,40,49,51,50,37,50,47,48,70,65,54]
["Manila","-","-","-","-","-",63,65,65,65,68,68,72,71,63,67,59,62,55,55]
["Edinburgh",15,20,18,18,19,27,28,31,29,31,36,36,53,61,63,65,67,71,56]
["Prague",39,44,54,54,57,64,61,58,54,50,55,52,60,72,74,63,60,63,57]
["Jakarta","-","-","-","-","-",61,62,61,62,64,61,70,68,54,68,66,57,73,58]
["Glasgow","-","-",22,26,31,49,51,45,45,32,40,38,49,64,73,50,66,70,59]
["Helsinki",31,32,41,41,44,58,49,57,55,38,41,41,51,56,71,74,74,77,60]
["Gibraltar","-","-",26,25,33,51,52,54,55,57,62,57,59,69,52,53,45,56,61]
["Jersey","-","-",16,13,13,14,18,22,23,21,21,20,28,28,40,62,54,53,62]
["Rome",36,39,50,53,55,56,48,49,47,53,57,61,40,35,53,55,72,76,63]
["Madrid",26,33,43,45,47,40,44,38,37,47,48,49,50,53,70,73,73,79,64]
["Oslo",32,36,46,41,39,55,44,52,52,36,38,32,29,26,33,57,65,67,65]
["Guernsey","-","-",19,13,11,15,22,26,27,30,30,28,31,36,41,67,55,54,66]
["Moscow",43,49,56,57,59,66,67,67,67,60,64,63,64,68,72,79,75,78,67]
["Isle of Man","-",21,20,19,18,24,24,32,35,39,43,39,42,41,50,64,58,58,68]
["Manama","-",43,40,44,42,43,41,41,48,54,56,60,63,51,39,52,46,50,69]
["Riyadh","-","-","-","-","-",67,68,68,69,65,69,64,33,46,31,21,14,57,70]
["Riga","-","-","-","-","-","-","-","-","-","-","-","-","-","-","-","-","-","-",71]
["Panama","-","-","-","-","-","-","-","-","-","-","-","-",66,62,58,49,48,52,72]
["Port Louis","-","-","-","-","-",57,59,60,61,67,65,66,69,67,62,69,68,64,73]
["Budapest",42,50,58,59,61,73,71,71,71,72,73,74,77,76,76,76,76,74,74]
["Lisbon",39,48,57,55,56,65,64,61,63,59,67,73,75,74,79,77,77,66,75]
["Liechtenstein","-","-","-","-","-","-","-","-","-","-","-","-","-","-","-","-","-",60,76]
["Almaty","-","-","-","-","-","-","-","-","-","-","-","-","-","-",57,43,49,51,77]
["Tallinn","-","-","-","-","-",70,70,73,73,66,70,65,70,77,80,80,80,82,78]
["Qingdao","-","-","-","-","-","-","-","-","-","-","-","-","-","-","-","-","-","-",79]
["Monaco","-","-",38,37,37,39,47,48,50,58,59,59,35,23,24,29,59,72,80]
["Valletta","-","-","-","-","-",51,55,54,58,69,71,68,67,52,66,75,71,68,81]
["St Petersburg","-","-","-","-","-",69,69,70,68,70,72,69,73,75,77,72,78,81,82]
["Nicosia","-","-","-","-","-","-","-","-","-","-","-","-",74,73,78,78,79,80,83]
["Bahamas","-","-",36,35,36,48,58,63,66,71,74,71,72,66,64,71,69,75,84]
["Reykjavik","-","-","-","-","-",74,74,74,74,73,75,75,76,78,81,82,82,84,85]
["Athens",44,51,59,58,60,72,72,72,72,74,76,76,78,79,82,81,81,83,86]
["Buenos Aires","-","-","-","-","-",62,62,64,63,62,66,67,52,45,25,40,"-","-","-"]
["Wellington","-","-","-","-","-",54,"-","-",38,"-","-","-","-","-","-","-","-","-","-"]

{"sheet":"Associate Centres","index":4,"n_rows":17,"n_cols":3,"rows_kept":17}
["Centre","Assessments in the last 24 Months ","Mean"]
["Guangzhou",162,{"v":685.1851851851852,"d":"685"}]
["New Delhi",116,{"v":553.448275862069,"d":"553"}]
["Baku",103,{"v":501.94174757281553,"d":"502"}]
["Tianjin",100,669]
["Trinidad and Tobago",100,593]
["Buenos Aires",87,{"v":529.8850574712643,"d":"530"}]
["Sofia",85,{"v":543.5294117647059,"d":"544"}]
["Nairobi",78,{"v":501.28205128205127,"d":"501"}]
["Santiago",69,{"v":634.7826086956521,"d":"635"}]
["Wellington",68,{"v":495.5882352941177,"d":"496"}]
["Wellington",58,{"v":705.1724137931035,"d":"705"}]
["Kuwait City",51,{"v":572.5490196078431,"d":"573"}]
["Barbados",31,{"v":512.9032258064516,"d":"513"}]
["Cape Town",22,{"v":622.7272727272727,"d":"623"}]
["Hamburg",15,{"v":586.6666666666666,"d":"587"}]
["Tehran",10,400]

{"sheet":"Mean - Top 5 by Region","index":5,"n_rows":7,"n_cols":20,"rows_kept":7}
["Centre","GFCI 1","GFCI 2","GFCI 3","GFCI 4","GFCI 5","GFCI 6","GFCI 7","GFCI 8","GFCI 9","GFCI 10","GFCI 11","GFCI 12","GFCI 13","GFCI 14","GFCI 15","GFCI 16","GFCI 17","GFCI 18","GFCI 19"]
["Asia/Pacific",{"v":597.8,"d":"598"},{"v":597.2,"d":"597"},{"v":601.4,"d":"601"},{"v":622.6,"d":"623"},{"v":596.4,"d":"596"},{"v":670.6,"d":"671"},{"v":689.4,"d":"689"},681,682,698,{"v":709.8,"d":"710"},{"v":696.6,"d":"697"},{"v":724.4,"d":"724"},{"v":724.2,"d":"724"},{"v":729.4,"d":"729"},725,724,732,731]
["Eastern Europe and Central Asia",{"v":455.5,"d":"456"},446,435,434,{"v":388.5,"d":"389"},{"v":460.75,"d":"461"},{"v":508.5,"d":"509"},{"v":511.75,"d":"512"},{"v":520.75,"d":"521"},583,{"v":591.25,"d":"591"},{"v":594.25,"d":"594"},{"v":607.5,"d":"608"},{"v":572.75,"d":"573"},{"v":607.6,"d":"608"},{"v":628.6,"d":"629"},613,638,621]
["Latin America & the Caribbean",450,434,{"v":512.5,"d":"513"},{"v":527.5,"d":"528"},{"v":494.5,"d":"495"},{"v":544.8,"d":"545"},570,{"v":561.4,"d":"561"},{"v":561.4,"d":"561"},{"v":601.6,"d":"602"},606,{"v":606.2,"d":"606"},{"v":636.8,"d":"637"},627,{"v":653.4,"d":"653"},{"v":652.8,"d":"653"},650,665,636]
["Middle East & Africa",570,{"v":507.5,"d":"508"},538,561,{"v":543.5,"d":"544"},544,575,{"v":567.3333333333334,"d":"567"},{"v":567.3333333333334,"d":"567"},611,{"v":615.25,"d":"615"},{"v":624.25,"d":"624"},{"v":660.25,"d":"660"},652,{"v":684.6,"d":"685"},{"v":683.8,"d":"684"},{"v":689.2,"d":"689"},687,673]
["North America",{"v":637.6,"d":"638"},{"v":643.6,"d":"644"},645,{"v":648.6,"d":"649"},{"v":641.2,"d":"641"},{"v":663.8,"d":"664"},{"v":678.4,"d":"678"},{"v":676.8,"d":"677"},{"v":677.6,"d":"678"},{"v":696.4,"d":"696"},{"v":700.2,"d":"700"},{"v":695.2,"d":"695"},{"v":716.2,"d":"716"},{"v":715.6,"d":"716"},{"v":724.6,"d":"725"},{"v":721.8,"d":"722"},{"v":721.2,"d":"721"},727,724]
["Western Europe",653,{"v":672.4,"d":"672"},{"v":669.4,"d":"669"},674,{"v":664.6,"d":"665"},{"v":682.4,"d":"682"},{"v":685.2,"d":"685"},679,{"v":676.6,"d":"677"},{"v":687.2,"d":"687"},{"v":695.6,"d":"696"},{"v":696.2,"d":"696"},{"v":726.4,"d":"726"},724,{"v":728.6,"d":"729"},{"v":717.4,"d":"717"},{"v":718.2,"d":"718"},725,719]

{"sheet":"Top 5","index":6,"n_rows":6,"n_cols":20,"rows_kept":6}
["Centre","GFCI 1","GFCI 2","GFCI 3","GFCI 4","GFCI 5","GFCI 6","GFCI 7","GFCI 8","GFCI 9","GFCI 10","GFCI 11","GFCI 12","GFCI 13","GFCI 14","GFCI 15","GFCI 16","GFCI 17","GFCI18","GFCI 19"]
["London",765,806,795,791,781,790,775,772,775,774,781,785,807,794,784,777,784,796,800]
["New York",760,787,786,774,768,774,775,770,769,773,772,765,787,779,786,778,785,788,792]
["Hong Kong",685,697,695,700,684,729,739,760,759,770,754,733,761,759,761,756,758,755,753]
["Singapore",661,673,675,700,683,719,733,728,722,735,729,725,759,751,751,746,754,750,755]
["Tokyo",633,625,628,642,611,674,692,697,694,695,693,684,718,720,722,718,722,725,728]

{"sheet":"Centres to be More Significant","index":7,"n_rows":17,"n_cols":2,"rows_kept":17}
["Centre","Mentions within past 24 months"]
["Shanghai",105]
["Singapore",89]
["Casablanca",76]
["Hong Kong",62]
["Dalian",46]
["Dubai",40]
["London",33]
["Shenzhen",30]
["Gibraltar",29]
["Beijing",27]
["Luxembourg",25]
["Seoul",13]
["Vancouver",13]
["Almaty",13]
["Toronto",12]
["New York",12]

{"sheet":"Areas of Competitiveness","index":8,"n_rows":26,"n_cols":6,"rows_kept":26,"merged":[[13,2,13,4],[14,0,15,0],[14,1,15,1],[14,2,14,4],[15,2,15,4],[16,0,17,0],[16,1,17,1],[16,2,16,4],[17,2,17,4],[18,0,19,0],[18,1,19,1],[18,2,18,4],[19,2,19,4],[20,0,21,0],[20,1,21,1],[20,2,20,4],[21,2,21,4],[22,0,23,0],[22,1,23,1],[22,2,22,4],[23,2,23,4],[24,0,25,0],[24,1,25,1],[24,2,24,4],[25,2,25,4]]}
["Rank","Business Environment","Financial Sector Development","Infrastructure","Human Capital","Reputational & General"]
[1,"London (-)","London (-)","London (-)","London (-)","London (-)"]
[2,"New York (-)","New York (-)","New York (-)","New York (-)","New York (-)"]
[3,"Hong Kong (-)","Hong Kong (-)","Hong Kong (-)","Singapore (+1)","Hong Kong (-)"]
[4,"Singapore (-)","Singapore (-)","Singapore (-)","Hong Kong (-1)","Singapore (-)"]
[5,"Los Angeles (+31)","Tokyo (-)","Tokyo (-)","Los Angeles (+34)","Washington DC (+8)"]
[6,"Chicago (+4)","Boston (-)","San Francisco (+7)","Tokyo (-1)","Chicago (+1)"]
[7,"Tokyo (-2)","San Francisco (-)","Zurich (-)","Chicago (+1)","Los Angeles (+28)"]
[8,"Toronto (+1)","Chicago (-2)","Seoul (-2)","San Francisco (-2)","Sydney (-2)"]
[9,"Sydney (+2)","Washington DC (-2)","Sydney (+2)","Washington DC (-)","San Francisco (-)"]
[10,"Zurich (-3)","Zurich (-)","Washington DC (+10)","Shenzhen (+14)","Boston (-)"]
[]
[]
["Area of Competitiveness","Number of Mentions","Main Issues "]
["Business Environment",936,"Regulation is more important than ever and needs to be clear and fair"]
[null,null,"Corruption is even more high profile than before"]
["Human Capital",831,"Centres becoming more competitive in attracting skilled people"]
[null,null,"More awareness of a 'brain drain' and demographics in developing economies"]
["Taxation",796,"Tax rules must be harmonised internationally"]
[null,null,"Tax should be transparent and reasonable - and seen to be reasonable"]
["Reputation",714,"Security, safety and human rights are becoming even more important"]
[null,null,"Centres need to market themselves more - they are in a competitive marketplace"]
["Infrastructure",707,"Road transport is becoming an importat issue in many centres "]
[null,null,"Lack of direct flights into certain centres holds them back"]
["Financial Sector Development",609,"More focus on the importance of the EU clusterto London"]
[null,null,"Physical proximity still very important"]

{"sheet":"Profiles","index":9,"n_rows":48,"n_cols":5,"rows_kept":48,"merged":[[1,0,13,0],[14,0,31,0],[32,0,50,0]]}
[null,"Broad & Deep","Relatively Broad  ","Relatively Deep  ","Emerging"]
["Global","Global Leaders","Global Diversified ","Global Specialists","Global Contenders"]
[null,"Amsterdam","Brussels","Beijing","Jersey"]
[null,"Dublin","Shanghai","Dubai"]
[null,"Frankfurt",null,"Luxembourg"]
[null,"Geneva",null,"Moscow"]
[null,"Hong Kong"]
[null,"London"]
[null,"New York"]
[null,"Paris"]
[null,"Singapore"]
[null,"Toronto"]
[null,"Zurich"]
[]
["Transnational"," Established Transnational","Transnational Diversified","Transnational Specialists","Transnational Contenders"]
[null,"Boston","Copenhagen","British Virgin Islands","Abu Dhabi"]
[null,"Chicago","Edinburgh","Casablanca","Almaty"]
[null,"Istanbul","Kuala Lumpur","Cayman Islands","Bangkok"]
[null,"Madrid","Lisbon","Doha","Bahamas"]
[null,"Montreal","Los Angeles","Guernsey","Dalian"]
[null,"Munich","Prague","Mauritius","Gibraltar"]
[null,"San Francisco",null,"Shenzhen"]
[null,"Seoul",null,""]
[null,"Stockholm"]
[null,"Sydney"]
[null,"Tokyo"]
[null,"Vancouver"]
[null,"Washington DC"]
[]
[]
[]
[]
["Local","Established Players","Local Diversified","Local Specialists","Evolving Centres"]
[null,"Tel Aviv","Budapest","Panama","Athens"]
[null,"Warsaw","Busan","Qingdao","Bahrain"]
[null,null,"Calgary","Riga","Cyprus"]
[null,null,"Glasgow","Rio de Janeiro","Bermuda"]
[null,null,"Helsinki","Sao Paulo","Isle of Man"]
[null,null,"Melbourne","Taipei","Jakarta"]
[null,null,"Mexico City","Tallinn","Johannesburg"]
[null,null,"Milan",null,"Liechtenstein"]
[null,null,"Osaka",null,"Malta"]
[null,null,"Oslo",null,"Manila"]
[null,null,"Rome",null,"Monaco"]
[null,null,"Vienna",null,"Mumbai"]
[{"$nulls":4},"Reykjavik"]
[{"$nulls":4},"Riyadh"]
[{"$nulls":4},"St Petersburg"]

{"sheet":"Western Europe","index":10,"n_rows":61,"n_cols":20,"rows_kept":61}
["Centre","GFCI 1","GFCI 2","GFCI 3","GFCI 4","GFCI 5","GFCI 6","GFCI 7","GFCI 8","GFCI 9","GFCI 10","GFCI 11","GFCI 12","GFCI 13","GFCI 14","GFCI 15","GFCI 16","GFCI 17","GFCI 18","GFCI 19"]
["Developed",653,{"v":672.4,"d":"672"},669.4,674,{"v":664.6,"d":"665"},682.4,685.2,679,676.6,687.2,{"v":695.6,"d":"696"},696.2,726.4,724,728.6]
["Emerging ",{"$error":"#DIV/0!"},{"v":827.5185518379909,"d":"828"},-6.641014389739524,841.8987341772151,{"v":7.739167949484681,"d":"8"},{"$error":"#DIV/0!"},{"$error":"#DIV/0!"},{"$error":"#DIV/0!"},{"$error":"#DIV/0!"},{"$error":"#DIV/0!"},{"$error":"#DIV/0!"},{"$error":"#DIV/0!"},{"$error":"#DIV/0!"},{"$error":"#DIV/0!"},{"$error":"#DIV/0!"}]
["London",765,806,795,791,781,790,775,772,775,774,781,785,807,794,784,777,784,796,800]
["Zurich",656,666,665,676,659,676,677,669,665,686,689,691,723,718,730,717,719,715,714]
["Luxembourg",570,596,605,622,612,637,643,634,630,637,648,646,687,696,707,697,694,700,698]
["Geneva",627,645,640,645,638,660,671,661,659,672,679,682,712,710,713,701,702,707,694]
["Frankfurt",647,649,642,636,633,649,660,659,654,667,681,677,703,702,709,695,692,706,689]
["Dublin",578,605,613,622,618,613,612,605,592,614,621,618,627,605,616,607,627,654,643]
{"$rows_empty":22}
["City","GFCI 19 Rank","GFCI 19 Rating","GFCI 18 Rank","GFCI 18 Rating","Change in Rank","Change in Rating"]
["London",1,800,1,796,"-","▲4"]
["Zurich",6,714,7,715,"▲1","▼1"]
["Luxembourg",14,698,19,700,"▲5","▼2"]
["Geneva",15,694,13,707,"▼2","▼13"]
["Frankfurt",18,689,14,706,"▼4","▼17"]
["Munich",27,672,40,661,"▲13","▲11"]
["Paris",32,667,37,664,"▲5","▲3"]
["Amsterdam",34,664,36,665,"▲2","▼1"]
["Stockholm",37,648,32,671,"▼5","▼23"]
["Dublin",39,643,46,654,"▲7","▼11"]
["Vienna",40,642,30,674,"▼10","▼32"]
["Copenhagen",49,630,61,625,"▲12","▲5"]
["Brussels",52,627,62,624,"▲10","▲3"]
["Milan",54,625,65,621,"▲11","▲4"]
["Edinburgh",56,623,71,613,"▲15","▲10"]
["Glasgow",59,620,70,615,"▲11","▲5"]
["Helsinki",60,619,77,604,"▲17","▲15"]
["Gibraltar",61,618,56,630,"▼5","▼12"]
["Jersey",62,617,53,633,"▼9","▼16"]
["Rome",63,616,76,605,"▲13","▲11"]
["Madrid",64,615,79,597,"▲15","▲18"]
["Oslo",65,614,67,618,"▲2","▼4"]
["Guernsey",66,613,54,632,"▼12","▼19"]
["Isle of Man",68,610,58,628,"▼10","▼18"]
["Lisbon",75,599,66,619,"▼9","▼20"]
["Liechtenstein",76,598,60,626,"▼16","▼28"]
["Monaco",80,590,72,612,"▼8","▼22"]
["Malta",81,587,68,617,"▼13","▼30"]
["Reykjavik",85,562,84,537,"▼1","▲25"]

{"sheet":"Eastern Europe & Central Asia","index":11,"n_rows":43,"n_cols":20,"rows_kept":43}
["Centre","GFCI 1","GFCI 2","GFCI 3","GFCI 4","GFCI 5","GFCI 6","GFCI 7","GFCI 8","GFCI 9","GFCI 10","GFCI 11","GFCI 12","GFCI 13","GFCI 14","GFCI 15","GFCI 16","GFCI 17","GFCI 18","GFCI 19"]
["Developed",{"$f":"AVERAGE(B5:B22)","v":443.3333333333333},{"v":435.6666666666667,"d":"436"},431,427.3333333333333,380,470,526.3333333333334,522,530.3333333333334,593,597,595.6666666666666,608.3333333333334,572,602]
["Emerging ",{"$f":"AVERAGE(#REF!)","v":{"$error":"#REF!"}},{"$f":"AVERAGE(#REF!)","v":{"$error":"#REF!"}},{"$f":"AVERAGE(#REF!)","v":{"$error":"#REF!"}},{"$f":"AVERAGE(#REF!)","v":{"$error":"#REF!"}},{"$f":"AVERAGE(#REF!)","v":{"$error":"#REF!"}},{"$f":"AVERAGE(#REF!)","v":{"$error":"#REF!"}},{"$f":"AVERAGE(#REF!)","v":{"$error":"#REF!"}},{"$f":"AVERAGE(#REF!)","v":{"$error":"#REF!"}},{"$f":"AVERAGE(#REF!)","v":{"$error":"#REF!"}},{"$f":"AVERAGE(#REF!)","v":{"$error":"#REF!"}},{"$f":"AVERAGE(#REF!)","v":{"$error":"#REF!"}},{"$f":"AVERAGE(#REF!)","v":{"$error":"#REF!"}},{"$f":"AVERAGE(#REF!)","v":{"$error":"#REF!"}},{"$f":"AVERAGE(#REF!)","v":{"$error":"#REF!"}},{"$f":"AVERAGE(#REF!)","v":{"$error":"#REF!"}}]
["Istanbul",{"$nulls":5},442,470,496,494,580,590,601,626,633,651,655,643,653,636]
["Warsaw",459,438,433,424,381,456,520,517,538,593,606,598,608,571,626,612,606,663,631]
["Prague",452,454,437,444,396,492,543,543,547,605,602,604,611,565,589,623,613,623,622]
["Moscow",419,415,423,414,363,462,516,506,506,581,583,585,606,580,591,536,579,598,611]
["Riga",{"$nulls":17},605,605]
{"$rows_empty":23}
["City","GFCI 19 Rank","GFCI 19 Rating","GFCI 18 Rank","GFCI 18 Rating","Change in Rank","Change in Rating"]
["Istanbul",45,636,47,653,"▲2","▼17"]
["Warsaw",48,631,38,663,"▼10","▼32"]
["Prague",57,622,63,623,"▲6","▼1"]
["Moscow",67,611,78,598,"▲11","▲13"]
["Riga",71,605,"-","-","-","-"]
["Budapest",74,600,74,609,"-","▼9"]
["Almaty",77,597,51,640,"▼26","▼43"]
["Tallinn",78,596,82,550,"▲4","▲46"]
["St Petersburg",82,585,81,552,"▼1","▲33"]
["Cyprus",83,576,80,587,"▼3","▼11"]
["Athens",86,558,83,540,"▼3","▲18"]

{"sheet":"Asia&Pacific","index":12,"n_rows":52,"n_cols":20,"rows_kept":52}
["Centre","GFCI 1","GFCI 2","GFCI 3","GFCI 4","GFCI 5","GFCI 6","GFCI 7","GFCI 8","GFCI 9","GFCI 10","GFCI 11","GFCI 12","GFCI 13","GFCI 14","GFCI 15","GFCI 16","GFCI 17","GFCI 18","GFCI 19"]
["Developed",{"$error":"#DIV/0!"},{"$error":"#DIV/0!"},{"$error":"#DIV/0!"},{"$error":"#DIV/0!"},{"$error":"#DIV/0!"},{"$error":"#DIV/0!"},{"$error":"#DIV/0!"},{"$error":"#DIV/0!"},{"$error":"#DIV/0!"},{"$error":"#DIV/0!"},{"$error":"#DIV/0!"},{"$error":"#DIV/0!"},{"$error":"#DIV/0!"},{"$error":"#DIV/0!"},{"$error":"#DIV/0!"}]
["Emerging ",{"$error":"#DIV/0!"},{"$error":"#DIV/0!"},{"$error":"#DIV/0!"},{"$error":"#DIV/0!"},{"$error":"#DIV/0!"},{"$error":"#DIV/0!"},{"$error":"#DIV/0!"},{"$error":"#DIV/0!"},{"$error":"#DIV/0!"},{"$error":"#DIV/0!"},{"$error":"#DIV/0!"},{"$error":"#DIV/0!"},{"$error":"#DIV/0!"},{"$error":"#DIV/0!"},{"$error":"#DIV/0!"}]
["Hong Kong",685,697,695,700,684,729,739,760,759,770,754,733,761,759,761,756,758,755,753]
["Singapore",661,673,675,701,687,719,733,728,722,735,729,725,759,751,751,746,754,750,755]
["Tokyo",633,625,628,642,611,674,692,697,694,695,693,684,718,720,722,718,722,725,728]
["Seoul",432,464,455,502,462,576,615,621,651,679,686,685,710,701,718,715,718,724,705]
["Shanghai",578,527,554,568,538,655,668,693,694,724,687,656,674,690,695,690,695,698,693]
{"$rows_empty":24}
["City","GFCI 19 Rank","GFCI 19 Rating","GFCI 18 Rank","GFCI 18 Rating","Change in Rank","Change in Rating"]
["Singapore",3,755,4,750,"▲1","▲5"]
["Hong Kong",4,753,3,755,"▼1","▼2"]
["Tokyo",5,728,5,725,"-","▲3"]
["Seoul",12,705,6,724,"▼6","▼19"]
["Shanghai",16,693,21,698,"▲5","▼5"]
["Sydney",17,692,15,705,"▼2","▼13"]
["Shenzhen",19,688,23,694,"▲4","▼6"]
["Osaka",20,687,20,699,"-","▼12"]
["Beijing",23,682,29,676,"▲6","▲6"]
["Taipei",24,677,26,686,"▲2","▼9"]
["Melbourne",30,669,27,685,"▼3","▼16"]
["Dalian",31,668,41,660,"▲10","▲8"]
["Kuala Lumpur",36,649,45,656,"▲9","▼7"]
["Busan",38,644,24,690,"▼14","▼46"]
["Mumbai",42,640,59,627,"▲17","▲13"]
["Bangkok",47,633,48,651,"▲1","▼18"]
["Manila",55,624,55,631,"-","▼7"]
["Jakarta",58,621,73,610,"▲15","▲11"]
["Qingdao",79,594,"-","-","-","-"]

{"sheet":"North America","index":13,"n_rows":43,"n_cols":20,"rows_kept":43}
["Centre","GFCI 1","GFCI 2","GFCI 3","GFCI 4","GFCI 5","GFCI 6","GFCI 7","GFCI 8","GFCI 9","GFCI 10","GFCI 11","GFCI 12","GFCI 13","GFCI 14","GFCI 15","GFCI 16","GFCI 17","GFCI 18","GFCI 19"]
["New York",760,787,786,774,768,774,775,770,769,773,772,765,787,779,786,778,785,788,792]
["San Francisco",611,608,614,620,609,634,651,654,655,681,683,678,695,697,711,719,708,712,711]
["Boston",609,621,618,625,618,634,652,655,656,678,684,680,711,714,715,705,706,709,709]
["Washington DC",594,589,597,600,596,630,647,649,650,670,677,672,692,689,706,704,703,711,712]
["Toronto",614,613,610,624,615,647,667,656,658,680,685,681,696,699,705,703,704,714,707]
{"$rows_empty":26}
["City","GFCI 19 Rank","GFCI 19 Rating","GFCI 18 Rank","GFCI 18 Rating","Change in Rank","Change in Rating"]
["New York",2,792,2,788,"-","▲4"]
["Washington DC",7,712,10,711,"▲3","▲1"]
["San Francisco",8,711,9,712,"▲1","▼1"]
["Boston",9,709,12,709,"▲3","-"]
["Toronto",10,707,8,714,"▼2","▼7"]
["Chicago",11,706,11,710,"-","▼4"]
["Montreal",21,686,17,703,"▼4","▼17"]
["Vancouver",22,684,18,702,"▼4","▼18"]
["Calgary",28,671,39,662,"▲11","▲9"]
["Los Angeles",29,670,49,650,"▲20","▲20"]

{"sheet":"Latin America & the Caribbean","index":14,"n_rows":43,"n_cols":20,"rows_kept":43}
["Centre","GFCI 1","GFCI 2","GFCI 3","GFCI 4","GFCI 5","GFCI 6","GFCI 7","GFCI 8","GFCI 9","GFCI 10","GFCI 11","GFCI 12","GFCI 13","GFCI 14","GFCI 15","GFCI 16","GFCI 17","GFCI 18","GFCI 19"]
["Sao Paulo",null,434,451,471,440,560,590,573,574,607,612,619,644,643,667,666,644,672,639]
["Buenos Aires",{"$nulls":5},507,535,528,525,579,577,578,633,628,688,657]
["Mexico City",{"$nulls":5},541,563,563,561,609,610,602,628,584,605,652,623,616,626]
["Rio de Janeiro",{"$nulls":5},532,566,561,563,602,608,608,639,654,653,650,638,666,637]
["British Virgin Islands",null,null,574,584,549,584,596,582,584,611,623,624,640,626,654,639,657,658,635]
{"$rows_empty":28}
["City","GFCI 19 Rank","GFCI 19 Rating","GFCI 18 Rank","GFCI 18 Rating","Change in Rank","Change in Rating"]
["Cayman Islands",41,641,34,668,"▼7","▼27"]
["Sao Paulo",43,639,31,672,"▼12","▼33"]
["Rio de Janeiro",44,637,35,666,"▼9","▼29"]
["British Virgin Islands",46,635,43,658,"▼3","▼23"]
["Bermuda",50,629,42,659,"▼8","▼30"]
["Mexico City",53,626,69,616,"▲16","▲10"]
["Panama",72,603,52,638,"▼20","▼35"]
["Bahamas",84,568,75,606,"▼9","▼38"]

{"sheet":"Middle East & Africa ","index":15,"n_rows":41,"n_cols":20,"rows_kept":41}
["Centre","GFCI 1","GFCI 2","GFCI 3","GFCI 4","GFCI 5","GFCI 6","GFCI 7","GFCI 8","GFCI 9","GFCI 10","GFCI 11","GFCI 12","GFCI 13","GFCI 14","GFCI 15","GFCI 16","GFCI 17","GFCI 18","GFCI 19"]
["Dubai",570,575,585,597,580,617,618,607,605,622,641,648,675,671,684,694,688,704,699]
["Abu Dhabi",{"$nulls":10},618,631,649,637,678,692,685,679,675]
["Riyadh",{"$nulls":5},457,507,503,500,575,572,584,656,627,682,685,698,629,606]
["Doha",null,440,491,525,507,558,600,592,597,636,630,634,661,672,687,684,691,695,652]
["Tel Aviv",{"$nulls":13},653,692,664,684,687,676]
{"$rows_empty":25}
["City","GFCI 19 Rank","GFCI 19 Rating","GFCI 18 Rank","GFCI 18 Rating","Change in Rank","Change in Rating"]
["Dubai",13,699,16,704,"▲3","▼5"]
["Tel Aviv",25,676,25,687,"-","▼11"]
["Abu Dhabi",26,675,28,679,"▲2","▼4"]
["Casablanca",33,665,44,657,"▲11","▲8"]
["Doha",35,652,22,695,"▼13","▼43"]
["Johannesburg",51,628,33,669,"▼18","▼41"]
["Bahrain",69,609,50,647,"▼19","▼38"]
["Riyadh",70,606,57,629,"▼13","▼23"]
["Mauritius",73,601,64,622,"▼9","▼21"]

{"sheet":"Industry Sectors","index":16,"n_rows":14,"n_cols":6,"rows_kept":14}
["Sub Indices by Industry sector."]
[]
["Rank","Investment","Banking","Government & Regulatory","Insurance","Professional Services"]
["Rank","Investment","Banking","Government & Regulatory","Insurance","Professional Services"]
[1,"New York (+1)","London (-)","London (-)","New York (-)","London (-)"]
[2,"London (-1)","New York (-)","New York (-)","London (-)","New York (-)"]
[3,"Hong Kong (-)","Hong Kong (-)","Singapore (+1)","Singapore (-)","Singapore (-)"]
[4,"Singapore (-)","Singapore (-)","Hong Kong (-1)","Hong Kong (+1)","Hong Kong (-)"]
[5,"Tokyo (+1)","Tokyo (-)","Los Angeles (+39)","Tokyo (+5)","Washington DC (-)"]
[5,"Zurich (+4)","Luxembourg (+11)","Tokyo (-1)","Los Angeles (+23)","Tokyo (+3)"]
[7,"Toronto (-2)","Los Angeles (+24)","Washington DC (+6)","Washington DC (+1)","Shenzhen (+22)"]
[8,"Boston (+1)","Casablanca (+15)","Frankfurt (+3)","Chicago (-2)","San Francisco (-2)"]
[9,"San Francisco (-1)","Washington DC (+3)","Chicago (-2)","Dalian (+26)","Toronto (+2)"]
[10,"Sydney (+2)","Zurich (-3)","San Francisco (+3)","Montreal (+10)","Boston (-2)"]

{"sheet":"Reputation","index":17,"n_rows":25,"n_cols":4,"rows_kept":25}
["A Comparison of the average assessment (weighted by age) with the GFCI rating.  "]
[]
["Centre - Top 10","Average Assessment","GFCI 19 Rating","Reputational Advantage"]
["Qingdao",689,594,95]
["Casablanca",750,665,85]
["Sydney",766,692,74]
["Singapore",827,755,72]
["Tokyo",794,728,66]
["Melbourne",726,669,57]
["Toronto",762,707,55]
["Dalian",723,668,55]
["Hong Kong",805,753,52]
["Taipei",729,677,52]
[]
["Centre - Bottom 10","Average Assessment","GFCI 19 Rating","Reputational Advantage"]
["Helsinki",{"v":555.2486187845304,"d":"555"},619,{"v":-63.751381215469564,"d":"-64"}]
["Madrid",{"v":543.7007874015749,"d":"544"},615,{"v":-71.29921259842513,"d":"-71"}]
["Riyadh",{"v":530.7692307692307,"d":"531"},606,{"v":-75.23076923076928,"d":"-75"}]
["Glasgow",544,620,-76]
["Rome",{"v":536.8663594470046,"d":"537"},616,{"v":-79.13364055299542,"d":"-79"}]
["Tel Aviv",{"v":588.5714285714287,"d":"589"},676,{"v":-87.42857142857133,"d":"-87"}]
["St Petersburg",{"v":487.1212121212121,"d":"487"},585,{"v":-97.87878787878788,"d":"-98"}]
["Reykjavik",{"v":462.0689655172414,"d":"462"},562,{"v":-99.9310344827586,"d":"-100"}]
["Moscow",{"v":510.35422343324257,"d":"510"},611,{"v":-100.64577656675743,"d":"-101"}]
["Athens",{"v":453.52941176470586,"d":"454"},558,{"v":-104.47058823529414,"d":"-104"}]

{"sheet":"Stability","index":18,"n_rows":89,"n_cols":6,"rows_kept":89}
["The 'Stability' of financial centres' GFCI ratings (top 40). "]
[]
["Centre","Standard Deviation of Assessments","Variance of Instrumental Factors"]
["New York",{"v":4.560701700396547,"d":"4.56"},{"v":3.1057905605546634,"d":"3.11"}]
["London",{"v":2.449489742783178,"d":"2.45"},{"v":2.6160233806197057,"d":"2.62"}]
["Hong Kong",{"v":9.565563234854496,"d":"9.57"},{"v":2.221410590735743,"d":"2.22"}]
["Singapore",{"v":8.848728722251575,"d":"8.85"},{"v":2.190953796080098,"d":"2.19"}]
["Tokyo",{"v":5.983310120660633,"d":"5.98"},{"v":2.643944568176191,"d":"2.64"}]
["Zurich",{"v":4.549725266430929,"d":"4.55"},{"v":3.282156296490768,"d":"3.28"}]
["Seoul",{"v":22.87575135378071,"d":"22.88"},{"v":2.973914042748794,"d":"2.97"}]
["San Francisco",{"v":5.291502622129181,"d":"5.29"},{"v":3.0989745362368977,"d":"3.10"}]
["Chicago",{"v":18.452642087245934,"d":"18.45"},{"v":2.536231269916609,"d":"2.54"}]
["Boston",{"v":8,"d":"8.00"},{"v":2.352621483375959,"d":"2.35"}]
["Toronto",{"v":12.973048986263793,"d":"12.97"},{"v":2.600185327576348,"d":"2.60"}]
["Washington DC",{"v":12.239281024635394,"d":"12.24"},{"v":2.874700854700857,"d":"2.87"}]
["Geneva",{"v":6.841052550594829,"d":"6.84"},{"v":3.1623611030962855,"d":"3.16"}]
["Riyadh",{"v":43.43040409666942,"d":"43.43"},{"v":5.0941644562334245,"d":"5.09"}]
["Vancouver",{"v":11.090536506409418,"d":"11.09"},{"v":3.6807866341803015,"d":"3.68"}]
["Shanghai",{"v":11.77709641634983,"d":"11.78"},{"v":2.681921253349828,"d":"2.68"}]
["Luxembourg",{"v":5.4589376255824735,"d":"5.46"},{"v":3.760432819289423,"d":"3.76"}]
["Montreal",{"v":15.319921670818033,"d":"15.32"},{"v":3.9377762588288907,"d":"3.94"}]
["Frankfurt",{"v":14.439529078193651,"d":"14.44"},{"v":3.085053055603817,"d":"3.09"}]
["Doha",{"v":24.562166028263874,"d":"24.56"},{"v":4.5901722391084085,"d":"4.59"}]
["Sydney",{"v":13.656500283747663,"d":"13.66"},{"v":2.161093544137026,"d":"2.16"}]
["Shenzhen",{"v":20.43281674170255,"d":"20.43"},{"v":2.8698475437605873,"d":"2.87"}]
["Dubai",{"v":5.319774431308154,"d":"5.32"},{"v":3.657662432977922,"d":"3.66"}]
["Busan",{"v":31.72853605195172,"d":"31.73"},{"v":4.246603970741902,"d":"4.25"}]
["Taipei",{"v":3.7148351242013433,"d":"3.71"},{"v":2.2871794871794866,"d":"2.29"}]
["Abu Dhabi",{"v":9.964938534682489,"d":"9.96"},{"v":4.172025934290085,"d":"4.17"}]
["Tel Aviv",{"v":4.393176527297754,"d":"4.39"},{"v":6.698351648351647,"d":"6.70"}]
["Melbourne",{"v":18.061007723823163,"d":"18.06"},{"v":2.6343465045592693,"d":"2.63"}]
["Beijing",{"v":13.179529581893277,"d":"13.18"},{"v":3.4823103505018964,"d":"3.48"}]
["Munich",{"v":9.460443964212251,"d":"9.46"},{"v":4.4418648281037445,"d":"4.44"}]
["Osaka",{"v":18.801595676963167,"d":"18.80"},{"v":3.1900645161290333,"d":"3.19"}]
["Johannesburg",{"v":4.242640687119285,"d":"4.24"},{"v":3.9276450950179753,"d":"3.93"}]
["Calgary",{"v":14.68672870315238,"d":"14.69"},{"v":3.4028246469191332,"d":"3.40"}]
["British Virgin Islands",{"v":15.313392831113555,"d":"15.31"},{"v":5.102284599846763,"d":"5.10"}]
["Vienna",{"v":18.24280680158621,"d":"18.24"},{"v":5.00739421416235,"d":"5.01"}]
["Stockholm",{"v":19.256167843057455,"d":"19.26"},{"v":4.427067669172931,"d":"4.43"}]
["Paris",{"v":10.10940156488009,"d":"10.11"},{"v":3.4394820935236257,"d":"3.44"}]
["Kuala Lumpur",{"v":18.601075237738275,"d":"18.60"},{"v":2.881955955481885,"d":"2.88"},null,"Std Dev","Var IF"]
["Cayman Islands",{"v":10.723805294763608,"d":"10.72"},{"v":4.577983088005014,"d":"4.58"},"Max",{"$f":"MAX(B4:B43)","v":{"v":43.43040409666942,"d":"43.4"}},{"$f":"MAX(C4:C43)","v":{"v":6.698351648351647,"d":"6.7"}}]
["Amsterdam",{"v":8.87130204648675,"d":"8.87"},{"v":3.2503150531696487,"d":"3.25"},"Min",{"$f":"MIN(B4:B43)","v":{"v":2.449489742783178,"d":"2.4"}},{"$f":"MIN(C4:C43)","v":{"v":2.161093544137026,"d":"2.2"}}]
["Hamilton (Bermuda)",{"v":12.864680330268607,"d":"12.86"},{"v":4.009386973180079,"d":"4.01"}]
["Casablanca",{"v":17.569860557215588,"d":"17.57"},{"v":4.429555526304246,"d":"4.43"}]
["Sao Paulo",{"v":14.515508947329405,"d":"14.52"},{"v":2.8961832061068686,"d":"2.90"}]
["Istanbul",{"v":14.959946523968593,"d":"14.96"},{"v":4.0443692168810665,"d":"4.04"}]
["Gibraltar",{"v":12.700393694685216,"d":"12.70"},{"v":4.445029239766083,"d":"4.45"}]
["Manama (Bahrain)",{"v":12.153188881935476,"d":"12.15"},{"v":4.036540139616058,"d":"4.04"}]
["Rio de Janeiro",{"v":12.922847983320086,"d":"12.92"},{"v":3.8298245614035102,"d":"3.83"}]
["Panama",{"v":13.917614738165444,"d":"13.92"},{"v":3.9871432086614167,"d":"3.99"}]
["Almaty",{"v":28.85654171933983,"d":"28.86"},{"v":6.0630098754830435,"d":"6.06"}]
["Bangkok",{"v":15.642889758609181,"d":"15.64"},{"v":3.2276488842914133,"d":"3.23"}]
["Dalian",{"v":14.855975228843107,"d":"14.86"},{"v":3.081214271634142,"d":"3.08"}]
["Dublin",{"v":3.3466401061363023,"d":"3.35"},{"v":3.5369165300614283,"d":"3.54"}]
["Mumbai",{"v":11.562871615649808,"d":"11.56"},{"v":4.047182742947842,"d":"4.05"}]
["Jersey",{"v":4.7222875812470395,"d":"4.72"},{"v":5.030224075039081,"d":"5.03"}]
["Guernsey",{"v":7.733045971672483,"d":"7.73"},{"v":4.979407356162803,"d":"4.98"}]
["Mexico City",{"v":12.696456198483105,"d":"12.70"},{"v":3.996514161220047,"d":"4.00"}]
["Jakarta",{"v":11.122050170719426,"d":"11.12"},{"v":4.059480375898288,"d":"4.06"}]
["Isle of Man",{"v":6.906518659932803,"d":"6.91"},{"v":4.786171835282155,"d":"4.79"}]
["Monaco",{"v":14.543039572248986,"d":"14.54"},{"v":4.32342597491519,"d":"4.32"}]
["Prague",{"v":5.540758070878026,"d":"5.54"},{"v":4.535015527950309,"d":"4.54"}]
["Copenhagen",{"v":17.854971296532515,"d":"17.85"},{"v":4.097228023542815,"d":"4.10"}]
["Manila",{"v":21.718655575334306,"d":"21.72"},{"v":3.7155910908052543,"d":"3.72"}]
["Brussels",{"v":15.943650773897426,"d":"15.94"},{"v":3.62636485301583,"d":"3.63"}]
["Warsaw",{"v":9.284395510748128,"d":"9.28"},{"v":3.6441288592853223,"d":"3.64"}]
["Oslo",{"v":16.69730517179344,"d":"16.70"},{"v":5.263709382986489,"d":"5.26"}]
["Glasgow",{"v":35.400564967243106,"d":"35.40"},{"v":4.15718592964824,"d":"4.16"}]
["Edinburgh",{"v":29.31381926668717,"d":"29.31"},{"v":3.628033370138636,"d":"3.63"}]
["Port Louis",{"v":13.479614237803691,"d":"13.48"},{"v":4.383294364266708,"d":"4.38"}]
["Bahamas",{"v":12.876334882255895,"d":"12.88"},{"v":4.598592964824121,"d":"4.60"}]
["Milan",{"v":11.924764148611073,"d":"11.92"},{"v":3.9688734030197437,"d":"3.97"}]
["Valletta (Malta)",{"v":22.93032926061028,"d":"22.93"},{"v":4.902388814153521,"d":"4.90"}]
["Rome",{"v":14.230249470757707,"d":"14.23"},{"v":4.7523468168629455,"d":"4.75"}]
["Madrid",{"v":25.73518991575543,"d":"25.74"},{"v":5.345818679779652,"d":"5.35"}]
["Helsinki",{"v":28.9534108526094,"d":"28.95"},{"v":4.448618784530386,"d":"4.45"}]
["Moscow",{"v":11.631852818876277,"d":"11.63"},{"v":5.787063921025595,"d":"5.79"}]
["Budapest",{"v":15.98436736314578,"d":"15.98"},{"v":5.019480519480519,"d":"5.02"}]
["Lisbon",{"v":23.44568190520378,"d":"23.45"},{"v":5.924423626337121,"d":"5.92"}]
["St Petersburg",{"v":13.31164903383499,"d":"13.31"},{"v":6.342065695119131,"d":"6.34"}]
["Nicosia (Cyprus)",{"v":20.863844324572593,"d":"20.86"},{"v":4.951688188272122,"d":"4.95"}]
["Tallinn",{"v":24.835458522040618,"d":"24.84"},{"v":3.6272059380443813,"d":"3.63"}]
["Athens",{"v":19.601020381602588,"d":"19.60"},{"v":4.143717368604247,"d":"4.14"}]
["Reykjavik",{"v":28.21347195933177,"d":"28.21"},{"v":4.602698650674662,"d":"4.60"}]
["Liechtenstein",{"v":14.446452851824906,"d":"14.45"},{"v":6.194944707740919,"d":"6.19"}]
["Los Angeles",{"v":14.754660280738424,"d":"14.75"},{"v":2.864696889958151,"d":"2.86"}]
["Riga",{"v":18.986837546047525,"d":"18.99"},{"v":3.7662403386087555,"d":"3.77"}]
["Qingdao",{"v":23.263705637752555,"d":"23.26"},{"v":1.7620154090742304,"d":"1.76"}]

{"sheet":"Assessments","index":19,"n_rows":90,"n_cols":6,"rows_kept":90}
["Valid assessments obtained in the past 24 months."]
[]
["Centre","GFCI 19 Rank","GFCI 19 Rating","Number","Average","Standard Deviation"]
["London",1,800,1166,{"v":839.1080617495712,"d":"839"},{"v":169.33420518433468,"d":"169"}]
["New York",2,792,1035,{"v":834.9758454106282,"d":"835"},{"v":182.0023482487955,"d":"182"}]
["Singapore",3,755,673,{"v":826.8945022288262,"d":"827"},{"v":143.35209990289331,"d":"143"}]
["Hong Kong",4,753,815,{"v":804.6625766871166,"d":"805"},{"v":142.73796513691303,"d":"143"}]
["Tokyo",5,728,450,{"v":793.5555555555555,"d":"794"},{"v":162.87969950742135,"d":"163"}]
["Zurich",6,714,586,{"v":741.2969283276451,"d":"741"},{"v":210.06042657746698,"d":"210"}]
["Washington DC",7,712,325,{"v":742.4615384615385,"d":"742"},{"v":178.79287979566772,"d":"179"}]
["San Francisco",8,711,264,{"v":756.060606060606,"d":"756"},{"v":148.2267559220373,"d":"148"}]
["Boston",9,709,392,{"v":751.7857142857143,"d":"752"},{"v":157.8411541352736,"d":"158"}]
["Toronto",10,707,319,{"v":762.3824451410658,"d":"762"},{"v":164.93341172433904,"d":"165"}]
["Chicago",11,706,344,{"v":751.453488372093,"d":"751"},{"v":156.45104007106286,"d":"156"}]
["Seoul",12,705,229,{"v":734.9344978165939,"d":"735"},{"v":170.97494679757145,"d":"171"}]
["Dubai",13,699,543,{"v":713.2596685082873,"d":"713"},{"v":194.68769461682308,"d":"195"}]
["Luxembourg",14,698,485,{"v":730.1030927835052,"d":"730"},{"v":222.3371781155897,"d":"222"}]
["Geneva",15,694,559,{"v":694.9910554561717,"d":"695"},{"v":194.10691537273252,"d":"194"}]
["Shanghai",16,693,441,{"v":725.62358276644,"d":"726"},{"v":166.39270118533435,"d":"166"}]
["Sydney",17,692,276,{"v":765.5797101449275,"d":"766"},{"v":143.98122657939095,"d":"144"}]
["Frankfurt",18,689,558,{"v":713.7992831541219,"d":"714"},{"v":187.17235375917804,"d":"187"}]
["Shenzhen",19,688,253,{"v":712.2529644268775,"d":"712"},{"v":159.21154043203532,"d":"159"}]
["Osaka",20,687,125,{"v":738.4000000000001,"d":"738"},{"v":177.3105309626136,"d":"177"}]
["Montreal",21,686,210,{"v":699.5238095238095,"d":"700"},{"v":218.42376734023227,"d":"218"}]
["Vancouver",22,684,170,{"v":717.0588235294118,"d":"717"},{"v":225.4723700618749,"d":"225"}]
["Beijing",23,682,413,{"v":671.1864406779661,"d":"671"},{"v":201.92796521806443,"d":"202"}]
["Taipei",24,677,196,{"v":728.5714285714286,"d":"729"},{"v":165.74767951658367,"d":"166"}]
["Tel Aviv",25,676,105,{"v":588.5714285714287,"d":"589"},{"v":273.6153954282993,"d":"274"}]
["Abu Dhabi",26,675,371,{"v":661.7250673854447,"d":"662"},{"v":199.19290035077054,"d":"199"}]
["Munich",27,672,207,{"v":629.4685990338164,"d":"629"},{"v":216.95068349189194,"d":"217"}]
["Calgary",28,671,127,{"v":665.3543307086613,"d":"665"},{"v":209.6795584728738,"d":"210"}]
["Los Angeles",29,670,283,{"v":715.9010600706714,"d":"716"},{"v":196.33941513366776,"d":"196"}]
["Melbourne",30,669,141,{"v":725.531914893617,"d":"726"},{"v":157.74574774057322,"d":"158"}]
["Dalian",31,668,267,{"v":723.2209737827716,"d":"723"},{"v":186.81932741052688,"d":"187"}]
["Paris",32,667,687,{"v":651.9650655021835,"d":"652"},{"v":204.4293205470088,"d":"204"}]
["Casablanca",33,665,214,{"v":750.4672897196261,"d":"750"},{"v":185.35392379969042,"d":"185"}]
["Amsterdam",34,664,532,{"v":659.7744360902255,"d":"660"},{"v":200.02708375664113,"d":"200"}]
["Doha",35,652,189,{"v":620.6349206349206,"d":"621"},{"v":228.59000291857708,"d":"229"}]
["Kuala Lumpur",36,649,206,{"v":655.8252427184466,"d":"656"},{"v":185.1843397372826,"d":"185"}]
["Stockholm",37,648,190,{"v":622.1052631578948,"d":"622"},{"v":236.05911489265932,"d":"236"}]
["Busan",38,644,88,{"v":622.7272727272727,"d":"623"},{"v":245.18900272814759,"d":"245"}]
["Dublin",39,643,492,{"v":638.6178861788618,"d":"639"},{"v":192.80470234172662,"d":"193"}]
["Vienna",40,642,193,{"v":622.279792746114,"d":"622"},{"v":252.81621803248825,"d":"253"}]
["Cayman Islands",41,641,310,{"v":640.3225806451613,"d":"640"},{"v":215.92455394135288,"d":"216"}]
["Mumbai",42,640,167,{"v":586.2275449101796,"d":"586"},{"v":198.2388855821868,"d":"198"}]
["Sao Paulo",43,639,131,{"v":689.3129770992366,"d":"689"},{"v":156.92270622630386,"d":"157"}]
["Rio de Janeiro",44,637,96,{"v":579.1666666666667,"d":"579"},{"v":230.75379049531773,"d":"231"}]
["Istanbul",45,636,211,{"v":594.3127962085308,"d":"594"},{"v":204.16666666666666,"d":"204"}]
["British Virgin Islands",46,635,294,{"v":601.0204081632653,"d":"601"},{"v":235.3346870634681,"d":"235"}]
["Bangkok",47,633,202,{"v":603.4653465346535,"d":"603"},{"v":195.530397242564,"d":"196"}]
["Warsaw",48,631,219,{"v":646.1187214611872,"d":"646"},{"v":236.02192526616926,"d":"236"}]
["Copenhagen",49,630,230,{"v":594.3478260869565,"d":"594"},{"v":230.67084676660508,"d":"231"}]
["Bermuda",50,629,145,{"v":615.8620689655172,"d":"616"},{"v":240.78804758799137,"d":"241"}]
["Johannesburg",51,628,177,{"v":612.4293785310734,"d":"612"},{"v":193.07317295023404,"d":"193"}]
["Brussels",52,627,466,{"v":610.0858369098712,"d":"610"},{"v":208.5174900731457,"d":"209"}]
["Mexico City",53,626,136,{"v":605.8823529411765,"d":"606"},{"v":204.6517846029604,"d":"205"}]
["Milan",54,625,246,{"v":591.869918699187,"d":"592"},{"v":213.41477731474447,"d":"213"}]
["Manila",55,624,103,{"v":600.9708737864078,"d":"601"},{"v":217.54401123771908,"d":"218"}]
["Edinburgh",56,623,286,{"v":605.9440559440559,"d":"606"},{"v":213.9859523192768,"d":"214"}]
["Prague",57,622,161,{"v":590.6832298136645,"d":"591"},{"v":258.1391996049582,"d":"258"}]
["Jakarta",58,621,135,{"v":601.4814814814815,"d":"601"},{"v":244.41968123198058,"d":"244"}]
["Glasgow",59,620,200,544,{"v":212.01183836720801,"d":"212"}]
["Helsinki",60,619,181,{"v":555.2486187845304,"d":"555"},{"v":241.05250940896426,"d":"241"}]
["Gibraltar",61,618,190,{"v":566.8421052631578,"d":"567"},{"v":208.4220904304302,"d":"208"}]
["Jersey",62,617,304,{"v":619.7368421052632,"d":"620"},{"v":224.3050007982919,"d":"224"}]
["Rome",63,616,217,{"v":536.8663594470046,"d":"537"},{"v":235.45230518819133,"d":"235"}]
["Madrid",64,615,254,{"v":543.7007874015749,"d":"544"},{"v":247.0067226055214,"d":"247"}]
["Oslo",65,614,166,{"v":594.5783132530121,"d":"595"},{"v":274.0473505703165,"d":"274"}]
["Guernsey",66,613,295,{"v":598.6440677966102,"d":"599"},{"v":223.36884373358163,"d":"223"}]
["Moscow",67,611,367,{"v":510.35422343324257,"d":"510"},{"v":237.71541954542025,"d":"238"}]
["Isle of Man",68,610,281,{"v":586.8327402135232,"d":"587"},{"v":238.42686178585794,"d":"238"}]
["Bahrain",69,609,192,{"v":607.2916666666667,"d":"607"},{"v":213.9178097365275,"d":"214"}]
["Riyadh",70,606,117,{"v":530.7692307692307,"d":"531"},{"v":241.38489320308895,"d":"241"}]
["Riga",71,605,209,{"v":643.5406698564593,"d":"644"},{"v":244.5718393752327,"d":"245"}]
["Panama",72,603,128,{"v":592.96875,"d":"593"},{"v":229.10678592053685,"d":"229"}]
["Mauritius",73,601,158,{"v":568.3544303797469,"d":"568"},{"v":209.89507868443235,"d":"210"}]
["Budapest",74,600,133,{"v":557.1428571428571,"d":"557"},{"v":252.28024139247282,"d":"252"}]
["Lisbon",75,599,174,{"v":544.2528735632184,"d":"544"},{"v":278.54394087556756,"d":"279"}]
["Liechtenstein",76,598,211,{"v":571.5639810426541,"d":"572"},{"v":260.26335313872556,"d":"260"}]
["Almaty",77,597,137,{"v":610.2189781021898,"d":"610"},{"v":254.1016906140775,"d":"254"}]
["Tallinn",78,596,163,{"v":604.9079754601227,"d":"605"},{"v":238.286858178597,"d":"238"}]
["Qingdao",79,594,222,{"v":689.1891891891892,"d":"689"},0]
["Monaco",80,590,254,{"v":576.3779527559055,"d":"576"},{"v":227.67502078385138,"d":"228"}]
["Malta",81,587,222,{"v":551.8018018018017,"d":"552"},{"v":222.51534434915934,"d":"223"}]
["St Petersburg",82,585,132,{"v":487.1212121212121,"d":"487"},{"v":259.8642179383416,"d":"260"}]
["Cyprus",83,576,268,{"v":533.955223880597,"d":"534"},{"v":218.18148561977475,"d":"218"}]
["Bahamas",84,568,200,538,{"v":238.49368998533745,"d":"238"}]
["Reykjavik",85,562,116,{"v":462.0689655172414,"d":"462"},{"v":202.18065221240204,"d":"202"}]
["Athens",86,558,170,{"v":453.52941176470586,"d":"454"},{"v":175.339392148554,"d":"175"}]
["Total","-","-",{"v":24495,"d":"24,495"},"-","-"]

{"sheet":"Respondents","index":20,"n_rows":34,"n_cols":2,"rows_kept":34}
["A breakdown of the respondents by region, sector and size of organisation"]
[]
["Region","Number"]
["Western Europe",816]
["Asia/Pacific",529]
["North America",255]
["Middle East & Africa",136]
["N/A",63]
["Eastern Europe & Central Asia",63]
["Latin America & the Caribbean",48]
["Total",1910]
[]
[]
["Sector","Number"]
["Banking",572]
["Finance",111]
["Government & Regulatory",101]
["Insurance",92]
["Investment",301]
["Professional Services",368]
["Trade Association",57]
["Trading",69]
["Other",239]
["Total",1910]
[]
[]
["Size of Organisation","Number"]
["Fewer than 100",478]
["100 to 500",260]
["500 to 1,000",171]
["1,000 to 2,000",116]
["2,000 to 5,000",208]
["More than 5,000",677]
["Total",1910]

{"sheet":"Inst Factors","index":21,"n_rows":118,"n_cols":7,"rows_kept":118,"merged":[[2,3,2,5],[2,6,3,6],[33,3,33,5],[33,6,34,6],[50,3,50,5],[70,3,70,5],[70,6,71,6]]}
["Details of the Instrumental Factors used in the GFCI"]
[]
["Instrumental Factors","R-Sq",null,"Business Environment",null,null,"Updated since GFCI 18"]
["IF01 Office Occupancy Costs",{"$f":"HLOOKUP(A4,'[1]R-Sq'!$E$1:$DB$108,108,FALSE)","v":{"v":0.5034373173723472,"d":"0.5034"}},null,"Factor","Source","Website"]
["BE16 OECD Country Risk Classification",{"$f":"HLOOKUP(A5,'[1]R-Sq'!$E$1:$DB$108,108,FALSE)","v":{"v":0.49658171034550413,"d":"0.4966"}},null,"BE01 Business Environment Rankings","EIU","http://www.eiu.com/public/thankyou_download.aspx?activity=download&campaignid=bizenviro2014"]
["RF11 Price Levels",{"$f":"HLOOKUP(A6,'[1]R-Sq'!$E$1:$DB$108,108,FALSE)","v":{"v":0.4933836424166332,"d":"0.4934"}},null,"BE02 Ease of Doing Business Index","The World Bank","http://databank.worldbank.org/data/reports.aspx?source=doing-business","YES"]
["RF14 Innovation Cities Global Index",{"$f":"HLOOKUP(A7,'[1]R-Sq'!$E$1:$DB$108,108,FALSE)","v":{"v":0.4010031122599965,"d":"0.4010"}},null,"BE03 Operational Risk Rating","EIU","http://www.viewswire.com/index.asp?layout=homePubTypeRK","YES"]
["RF12 Global Cities Index",{"$f":"HLOOKUP(A8,'[1]R-Sq'!$E$1:$DB$108,108,FALSE)","v":{"v":0.4008439070205394,"d":"0.4008"}},null,"BE04 Real Interest Rate","The World Bank","http://databank.worldbank.org/data/reports.aspx?source=world-development-indicators","YES"]
["RF01 World Competitiveness Scoreboard",{"$f":"HLOOKUP(A9,'[1]R-Sq'!$E$1:$DB$108,108,FALSE)","v":{"v":0.3970976648578643,"d":"0.3971"}},null,"BE05 Global Services Location","AT Kearney","http://www.atkearney.com/research-studies/global-services-location-index ","YES"]
["BE18 Financial Secrecy Index",{"$f":"HLOOKUP(A10,'[1]R-Sq'!$E$1:$DB$108,108,FALSE)","v":{"v":0.37949316665358024,"d":"0.3795"}},null,"BE06 Corruption Perception Index","Transparency International","http://www.transparency.org/policy_research/surveys_indices/cpi","YES"]
["IF17 Logistics Performance Index",{"$f":"HLOOKUP(A11,'[1]R-Sq'!$E$1:$DB$108,108,FALSE)","v":{"v":0.3766272892981983,"d":"0.3766"}},null,"BE07 Wage Comparison Index","UBS","http://www.ubs.com/1/e/wealthmanagement/wealth_management_research/prices_earnings.html","YES"]
["RF02 Global Competitiveness Index",{"$f":"HLOOKUP(A12,'[1]R-Sq'!$E$1:$DB$108,108,FALSE)","v":{"v":0.352030539325349,"d":"0.3520"}},null,"BE08 Corporate Tax Rates","PWC ","http://www.doingbusiness.org/reports/thematic-reports/paying-taxes/","YES"]
["RF22 IESE cities in motion index ",{"$f":"HLOOKUP(A13,'[1]R-Sq'!$E$1:$DB$108,108,FALSE)","v":{"v":0.32892300348225106,"d":"0.3289"}},null,"BE09 Employee Tax Rates","PWC ","n/a"]
["HC17 Cost of Living City Rankings",{"$f":"HLOOKUP(A14,'[1]R-Sq'!$E$1:$DB$108,108,FALSE)","v":{"v":0.3230429069072009,"d":"0.3230"}},null,"BE10 Personal Tax Rates","OECD","http://www.oecd.org/tax/tax-policy/tax-database.htm"]
["BE01 Business Environment Rankings",{"$f":"HLOOKUP(A15,'[1]R-Sq'!$E$1:$DB$108,108,FALSE)","v":{"v":0.3179943273179772,"d":"0.3180"}},null,"BE11 Tax as Percentage of GDP","The World Bank","http://databank.worldbank.org/data/reports.aspx?source=world-development-indicators","YES"]
["IF02 Office Space Around the World",{"$f":"HLOOKUP(A16,'[1]R-Sq'!$E$1:$DB$108,108,FALSE)","v":{"v":0.3110598264531851,"d":"0.3111"}},null,"BE12 Bilateral Tax Information Exchange Agreements","OECD","http://www.oecd.org/document/7/0,3343,en_2649_33767_38312839_1_1_1_1,00.html"]
["RF17 Global Enabling Trade Report",{"$f":"HLOOKUP(A17,'[1]R-Sq'!$E$1:$DB$108,108,FALSE)","v":{"v":0.30845986657758423,"d":"0.3085"}},null,"BE13 Economic Freedom of the World","Fraser Institute","http://www.freetheworld.com/release.html","YES"]
["BE14 Banking Industry Country Risk Assessments",{"$f":"HLOOKUP(A18,'[1]R-Sq'!$E$1:$DB$108,108,FALSE)","v":{"v":0.3005256437277081,"d":"0.3005"}},null,"BE14 Banking Industry Country Risk Assessments","Standard & Poors","http://img.en25.com/Web/StandardPoorsRatings/BICRA_Update_10_10_13.pdf"]
["RF21 City Initiatives for Technology, Innovation and Entrepreneurship",{"$f":"HLOOKUP(A19,'[1]R-Sq'!$E$1:$DB$108,108,FALSE)","v":{"v":0.28767654171820195,"d":"0.2877"}},null,"BE15 Government Debt as % of GDP ","CIA","https://www.cia.gov/library/publications/the-world-factbook/rankorder/2186rank.html"]
["HC08 Top Tourism Destinations",{"$f":"HLOOKUP(A20,'[1]R-Sq'!$E$1:$DB$108,108,FALSE)","v":{"v":0.2523847675016128,"d":"0.2524"}},null,"BE16 OECD Country Risk Classification","OECD","http://www.oecd.org/tad/xcred/crc.htm","NEW"]
["BE20 City GDP Figures",{"$f":"HLOOKUP(A21,'[1]R-Sq'!$E$1:$DB$108,108,FALSE)","v":{"v":0.2459181879217769,"d":"0.2459"}},null,"BE17 Global Peace Index","Institute for Economics & Peace","http://www.visionofhumanity.org/"]
["IF08 Quality of Roads",{"$f":"HLOOKUP(A22,'[1]R-Sq'!$E$1:$DB$108,108,FALSE)","v":{"v":0.24466242470864347,"d":"0.2447"}},null,"BE18 Financial Secrecy Index","Tax Justice Network","http://www.financialsecrecyindex.com/","YES"]
["RF05 FDI Confidence Index",{"$f":"HLOOKUP(A23,'[1]R-Sq'!$E$1:$DB$108,108,FALSE)","v":{"v":0.24015238964366065,"d":"0.2402"}},null,"BE19 Government Effectiveness","The World Bank","http://info.worldbank.org/governance/wgi/index.aspx#home","NEW"]
["IF13 Metro Network Length",{"$f":"HLOOKUP(A24,'[1]R-Sq'!$E$1:$DB$108,108,FALSE)","v":{"v":0.23830306513447197,"d":"0.2383"}},null,"BE20 City GDP Figures","The Brookings Institution","http://www.brookings.edu/research/interactives/global-metro-monitor-3"]
["RF13 Number of international association meetings",{"$f":"HLOOKUP(A25,'[1]R-Sq'!$E$1:$DB$108,108,FALSE)","v":{"v":0.23434161143021523,"d":"0.2343"}},null,"BE21 Open Government","World Justice Project","http://worldjusticeproject.org/sites/default/files/files/wjp_rule_of_law_index_2014_report.pdf"]
["HC11 Global Talent Index",{"$f":"HLOOKUP(A26,'[1]R-Sq'!$E$1:$DB$108,108,FALSE)","v":{"v":0.23165366985555302,"d":"0.2317"}},null,"BE22 Regulatory Enforcement","World Justice Project","http://worldjusticeproject.org/sites/default/files/files/wjp_rule_of_law_index_2014_report.pdf"]
["HC05 Citizens Domestic Purchasing Power",{"$f":"HLOOKUP(A27,'[1]R-Sq'!$E$1:$DB$108,108,FALSE)","v":{"v":0.2305609495138722,"d":"0.2306"}},null,"BE23 Press Freedom Index","Reporters Without Borders (RSF)","http://en.rsf.org/"]
["IF03 IPD Global Property Index",{"$f":"HLOOKUP(A28,'[1]R-Sq'!$E$1:$DB$108,108,FALSE)","v":{"v":0.23018444231648857,"d":"0.2302"}},null,"BE24 Currencies","Swiss Association for Standardization (SNV)","http://www.currency-iso.org/en/home/tables/table-a1.html","YES"]
["IF11 Networked Readiness Index",{"$f":"HLOOKUP(A29,'[1]R-Sq'!$E$1:$DB$108,108,FALSE)","v":{"v":0.23006686381557837,"d":"0.2301"}},null,"BE25 Commonwealth Countries","The Commonwealth","http://thecommonwealth.org/member-countries"]
["RF04 Foreign Direct Investment Inflows",{"$f":"HLOOKUP(A30,'[1]R-Sq'!$E$1:$DB$108,108,FALSE)","v":{"v":0.22506918503020912,"d":"0.2251"}},null,"BE26 Common Law Countries","CIA","https://www.cia.gov/library/publications/the-world-factbook/fields/2100.html"]
["IF07 Quality of Domestic Transport Network",{"$f":"HLOOKUP(A31,'[1]R-Sq'!$E$1:$DB$108,108,FALSE)","v":{"v":0.2244630233560563,"d":"0.2245"}},null,"BE27 Inflation, GDP Deflator","The World Bank","http://data.worldbank.org/indicator/NY.GDP.DEFL.KD.ZG","NEW"]
["BE07 Wage Comparison Index",{"$f":"HLOOKUP(A32,'[1]R-Sq'!$E$1:$DB$108,108,FALSE)","v":{"v":0.22392370154011398,"d":"0.2239"}},null,"BE28 Rule of Law","The World Bank","http://info.worldbank.org/governance/wgi/index.aspx#home","NEW"]
["FS08 Total Net Assets of Mutual Funds",{"$f":"HLOOKUP(A33,'[1]R-Sq'!$E$1:$DB$108,108,FALSE)","v":{"v":0.22284731603885466,"d":"0.2228"}}]
["FS01 Capitalisation of Stock Exchanges",{"$f":"HLOOKUP(A34,'[1]R-Sq'!$E$1:$DB$108,108,FALSE)","v":{"v":0.22181295853230523,"d":"0.2218"}},null,"Financial Sector Development",null,null,"Updated since GFCI 18"]
["FS12 Liner Shipping Connectivity Index",{"$f":"HLOOKUP(A35,'[1]R-Sq'!$E$1:$DB$108,108,FALSE)","v":{"v":0.22070379437482382,"d":"0.2207"}},null,"Factor","Source","Website"]
["BE19 Government Effectiveness",{"$f":"HLOOKUP(A36,'[1]R-Sq'!$E$1:$DB$108,108,FALSE)","v":{"v":0.21595441796567813,"d":"0.2160"}},null,"FS01 Capitalisation of Stock Exchanges","The World Federation of Stock Exchanges","http://www.world-exchanges.org/home/index.php/statistics/monthly-reports","YES"]
["HC10 Quality of Living City Rankings",{"$f":"HLOOKUP(A37,'[1]R-Sq'!$E$1:$DB$108,108,FALSE)","v":{"v":0.2026485128398695,"d":"0.2026"}},null,"FS02 Value of Share Trading","The World Federation of Stock Exchanges","http://www.world-exchanges.org/home/index.php/statistics/monthly-reports","YES"]
["RF08 Global Innovation Index",{"$f":"HLOOKUP(A38,'[1]R-Sq'!$E$1:$DB$108,108,FALSE)","v":{"v":0.20105654947325602,"d":"0.2011"}},null,"FS03 Volume of Share Trading","The World Federation of Stock Exchanges","http://www.world-exchanges.org/home/index.php/statistics/monthly-reports","YES"]
["FS02 Value of Share Trading",{"$f":"HLOOKUP(A39,'[1]R-Sq'!$E$1:$DB$108,108,FALSE)","v":{"v":0.19351693912804716,"d":"0.1935"}},null,"FS04 Broad Stock Index Levels","The World Federation of Stock Exchanges","http://www.world-exchanges.org/home/index.php/statistics/monthly-reports","YES"]
["RF07 GDP per Person Employed",{"$f":"HLOOKUP(A40,'[1]R-Sq'!$E$1:$DB$108,108,FALSE)","v":{"v":0.18029486366532527,"d":"0.1803"}},null,"FS05 Value of Bond Trading","The World Federation of Stock Exchanges","http://www.world-exchanges.org/home/index.php/statistics/monthly-reports","YES"]
["BE22 Regulatory Enforcement",{"$f":"HLOOKUP(A41,'[1]R-Sq'!$E$1:$DB$108,108,FALSE)","v":{"v":0.17984686406056974,"d":"0.1798"}},null,"FS06 Domestic Credit Provided by Banking Sector (% of GDP)","The World Bank","http://databank.worldbank.org/data/reports.aspx?source=world-development-indicators","YES"]
["HC06 Number of High Net Worth Individuals",{"$f":"HLOOKUP(A42,'[1]R-Sq'!$E$1:$DB$108,108,FALSE)","v":{"v":0.17807172741258792,"d":"0.1781"}},null,"FS07 Percentage of Firms Using Banks to Finance Investment","The World Bank","http://databank.worldbank.org/data/reports.aspx?source=world-development-indicators","YES"]
["RF20 Legatum Prosperity Index ",{"$f":"HLOOKUP(A43,'[1]R-Sq'!$E$1:$DB$108,108,FALSE)","v":{"v":0.177570603078641,"d":"0.1776"}},null,"FS08 Total Net Assets of Mutual Funds","Investment Company Institute","http://www.icifactbook.org/"]
["HC16 World Talent Rankings",{"$f":"HLOOKUP(A44,'[1]R-Sq'!$E$1:$DB$108,108,FALSE)","v":{"v":0.17672749486723574,"d":"0.1767"}},null,"FS09 Islamic Finance Country Index","Islamic Banks and Financial Institutions","http://www.gifr.net/publications/gifr2015/ifci.pdf","NEW"]
["FS10 Net External Positions of Banks",{"$f":"HLOOKUP(A45,'[1]R-Sq'!$E$1:$DB$108,108,FALSE)","v":{"v":0.17190994207719165,"d":"0.1719"}},null,"FS10 Net External Positions of Banks","The Bank for International Settlements","http://www.bis.org/statistics/bankstats.htm","YES"]
["FS03 Volume of Share Trading",{"$f":"HLOOKUP(A46,'[1]R-Sq'!$E$1:$DB$108,108,FALSE)","v":{"v":0.16095406868550363,"d":"0.1610"}},null,"FS11 External Positions of Central Banks as a share of GDP","The Bank for International Settlements","http://www.bis.org/statistics/bankstats.htm","YES"]
["IF04 JLL Real Estate Transparency Index",{"$f":"HLOOKUP(A47,'[1]R-Sq'!$E$1:$DB$108,108,FALSE)","v":{"v":0.15808850450936754,"d":"0.1581"}},null,"FS12 Liner Shipping Connectivity Index","The World Bank","http://databank.worldbank.org/data/reports.aspx?source=world-development-indicators","YES"]
["BE02 Ease of Doing Business Index",{"$f":"HLOOKUP(A48,'[1]R-Sq'!$E$1:$DB$108,108,FALSE)","v":{"v":0.15635703949775187,"d":"0.1564"}},null,"FS13 Global Connectedness Index","DHL","http://www.dhl.com/en/about_us/logistics_insights/studies_research/global_connectedness_index/global_connectedness_index.html"]
["BE28 Rule of Law",{"$f":"HLOOKUP(A49,'[1]R-Sq'!$E$1:$DB$108,108,FALSE)","v":{"v":0.15382512782756233,"d":"0.1538"}},null,"FS14 City GDP composition (Business/Finance)","The Brookings Institution","http://www.brookings.edu/research/interactives/global-metro-monitor-3"]
["FS06 Domestic Credit Provided by Banking Sector (% of GDP)",{"$f":"HLOOKUP(A50,'[1]R-Sq'!$E$1:$DB$108,108,FALSE)","v":{"v":0.14908781416213665,"d":"0.1491"}}]
["BE08 Corporate Tax Rates",{"$f":"HLOOKUP(A51,'[1]R-Sq'!$E$1:$DB$108,108,FALSE)","v":{"v":0.1470092789677753,"d":"0.1470"}},null,"Infrastructure"]
["BE03 Operational Risk Rating",{"$f":"HLOOKUP(A52,'[1]R-Sq'!$E$1:$DB$108,108,FALSE)","v":{"v":0.14671573309780053,"d":"0.1467"}},null,"Factor","Source","Website"]
["RF09 Global Intellectual Property Index",{"$f":"HLOOKUP(A53,'[1]R-Sq'!$E$1:$DB$108,108,FALSE)","v":{"v":0.1414435485238594,"d":"0.1414"}},null,"IF01 Office Occupancy Costs","Cushman & Wakefield (merged with DTZ)","http://occupiermetrics.com/"]
["BE13 Economic Freedom of the World",{"$f":"HLOOKUP(A54,'[1]R-Sq'!$E$1:$DB$108,108,FALSE)","v":{"v":0.13404002054955869,"d":"0.1340"}},null,"IF02 Office Space Around the World","Cushman & Wakefield","http://www.cushmanwakefield.com/en/research-and-insight/2014/office-space-across-the-world-2014/"]
["BE06 Corruption Perception Index",{"$f":"HLOOKUP(A55,'[1]R-Sq'!$E$1:$DB$108,108,FALSE)","v":{"v":0.13074572331829046,"d":"0.1307"}},null,"IF03 IPD Global Property Index","Investment Property Databank","http://www1.ipd.com/Pages/DNNPage.aspx?DestUrl=http%3a%2f%2fwww.ipd.com%2fsharepoint.aspx%3fTabId%3d425 ","YES"]
["BE24 Currencies",{"$f":"HLOOKUP(A56,'[1]R-Sq'!$E$1:$DB$108,108,FALSE)","v":{"v":0.10819806176467583,"d":"0.1082"}},null,"IF04 JLL Real Estate Transparency Index","Jones Lang LaSalle","http://www.jll.com/greti/Pages/Rankings.aspx"]
["BE11 Tax as Percentage of GDP",{"$f":"HLOOKUP(A57,'[1]R-Sq'!$E$1:$DB$108,108,FALSE)","v":{"v":0.10486465871385449,"d":"0.1049"}},null,"IF05 ICT Development Index","United Nations","http://www.itu.int/net4/ITU-D/idi/2015/#","YES"]
["IF12 Energy Sustainability Index",{"$f":"HLOOKUP(A58,'[1]R-Sq'!$E$1:$DB$108,108,FALSE)","v":{"v":0.09388067390130524,"d":"0.0939"}},null,"IF06 Telecommunication Infrastructure Index","United Nations","http://unpan3.un.org/egovkb/Data-Center"]
["FS07 Percentage of Firms Using Banks to Finance Investment",{"$f":"HLOOKUP(A59,'[1]R-Sq'!$E$1:$DB$108,108,FALSE)","v":{"v":0.09121986240862884,"d":"0.0912"}},null,"IF07 Quality of Domestic Transport Network","World Economic Forum","http://reports.weforum.org/travel-and-tourism-competitiveness-report-2015/"]
["HC18 Health Outcomes and Cost ",{"$f":"HLOOKUP(A60,'[1]R-Sq'!$E$1:$DB$108,108,FALSE)","v":{"v":0.0871787555712832,"d":"0.0872"}},null,"IF08 Quality of Roads","World Economic Forum","http://reports.weforum.org/travel-and-tourism-competitiveness-report-2015/"]
["BE26 Common Law Countries",{"$f":"HLOOKUP(A61,'[1]R-Sq'!$E$1:$DB$108,108,FALSE)","v":{"v":0.08715707167614024,"d":"0.0872"}},null,"IF09 Roadways per Land Area","CIA","https://www.cia.gov/library/publications/the-world-factbook/rankorder/2085rank.html"]
["RF16 Sustainable Economic Development",{"$f":"HLOOKUP(A62,'[1]R-Sq'!$E$1:$DB$108,108,FALSE)","v":{"v":0.08442674313840196,"d":"0.0844"}},null,"IF10 Railways per Land Area","CIA","https://www.cia.gov/library/publications/the-world-factbook/rankorder/2121rank.html"]
["FS13 Global Connectedness Index",{"$f":"HLOOKUP(A63,'[1]R-Sq'!$E$1:$DB$108,108,FALSE)","v":{"v":0.07799404012507485,"d":"0.0780"}},null,"IF11 Networked Readiness Index","World Economic Forum","http://reports.weforum.org/global-information-technology-report-2015/network-readiness-index/"]
["HC04 Human Development Index",{"$f":"HLOOKUP(A64,'[1]R-Sq'!$E$1:$DB$108,108,FALSE)","v":{"v":0.07582733020705908,"d":"0.0758"}},null,"IF12 Energy Sustainability Index","World Energy Council","http://www.worldenergy.org/data/sustainability-index/","YES"]
["BE21 Open Government",{"$f":"HLOOKUP(A65,'[1]R-Sq'!$E$1:$DB$108,108,FALSE)","v":{"v":0.06581433220056068,"d":"0.0658"}},null,"IF13 Metro Network Length","Metro Bits","http://mic-ro.com/metro/table.html"]
["BE04 Real Interest Rate",{"$f":"HLOOKUP(A66,'[1]R-Sq'!$E$1:$DB$108,108,FALSE)","v":{"v":0.06348063108564915,"d":"0.0635"}},null,"IF14 The Web Index","The World Wide Web Foundation","http://thewebindex.org/about/the-web-index/"]
["IF14 The Web Index",{"$f":"HLOOKUP(A67,'[1]R-Sq'!$E$1:$DB$108,108,FALSE)","v":{"v":0.0627975259015432,"d":"0.0628"}},null,"IF15 Environmental Performance","Yale University","http://epi.yale.edu//epi/country-rankings"]
["IF05 ICT Development Index",{"$f":"HLOOKUP(A68,'[1]R-Sq'!$E$1:$DB$108,108,FALSE)","v":{"v":0.0546177773434235,"d":"0.0546"}},null,"IF16 Global Sustainable Competitiveness Index","Solability","http://solability.com/the-global-sustainable-competitiveness-index/the-index","YES"]
["FS09 Islamic Finance Country Index",{"$f":"HLOOKUP(A69,'[1]R-Sq'!$E$1:$DB$108,108,FALSE)","v":{"v":0.04826089659287972,"d":"0.0483"}},null,"IF17 Logistics Performance Index","The World Bank","http://lpi.worldbank.org/international/global","NEW"]
["IF15 Environmental Performance",{"$f":"HLOOKUP(A70,'[1]R-Sq'!$E$1:$DB$108,108,FALSE)","v":{"v":0.04592849656926344,"d":"0.0459"}}]
["FS14 City GDP composition (Business/Finance)",{"$f":"HLOOKUP(A71,'[1]R-Sq'!$E$1:$DB$108,108,FALSE)","v":{"v":0.041570550361189854,"d":"0.0416"}},null,"Human Capital",null,null,"Updated since GFCI 18"]
["BE10 Personal Tax Rates",{"$f":"HLOOKUP(A72,'[1]R-Sq'!$E$1:$DB$108,108,FALSE)","v":{"v":0.039692206898654915,"d":"0.0397"}},null,"Factor","Source","Website"]
["FS11 External Positions of Central Banks as a share of GDP",{"$f":"HLOOKUP(A73,'[1]R-Sq'!$E$1:$DB$108,108,FALSE)","v":{"v":0.0392291456013588,"d":"0.0392"}},null,"HC01 Graduates in social Science, Business and Law (as % of total graduates)","The World Bank","http://databank.worldbank.org/data/reports.aspx?source=Education%20Statistics","YES"]
["IF06 Telecommunication Infrastructure Index",{"$f":"HLOOKUP(A74,'[1]R-Sq'!$E$1:$DB$108,108,FALSE)","v":{"v":0.027420871139831084,"d":"0.0274"}},null,"HC02 Gross Tertiary Graduation Ratio","The World Bank","http://databank.worldbank.org/data/reports.aspx?source=Education%20Statistics","YES"]
["HC07 Homicide Rates",{"$f":"HLOOKUP(A75,'[1]R-Sq'!$E$1:$DB$108,108,FALSE)","v":{"v":0.0234154612376289,"d":"0.0234"}},null,"HC03 Visa Restrictions Index","Henley Partners","http://www.henleyglobal.com/citizenship/visa-restrictions/","YES"]
["RF19 City Prosperity Index",{"$f":"HLOOKUP(A76,'[1]R-Sq'!$E$1:$DB$108,108,FALSE)","v":{"v":0.020901305239397927,"d":"0.0209"}},null,"HC04 Human Development Index","UN Development Programme","http://hdr.undp.org ","YES"]
["BE27 Inflation, GDP Deflator",{"$f":"HLOOKUP(A77,'[1]R-Sq'!$E$1:$DB$108,108,FALSE)","v":{"v":0.019970228482577138,"d":"0.0200"}},null,"HC05 Citizens Domestic Purchasing Power","UBS","http://www.ubs.com/1/e/wealthmanagement/wealth_management_research/prices_earnings.html","YES"]
["RF18 Good Country Index",{"$f":"HLOOKUP(A78,'[1]R-Sq'!$E$1:$DB$108,108,FALSE)","v":{"v":0.019665567263688864,"d":"0.0197"}},null,"HC06 Number of High Net Worth Individuals","Capgemini","http://www.uk.capgemini.com/thought-leadership/world-wealth-report-2013-from-capgemini-and-rbc-wealth-management"]
["HC03 Visa Restrictions Index",{"$f":"HLOOKUP(A79,'[1]R-Sq'!$E$1:$DB$108,108,FALSE)","v":{"v":0.018383456956207366,"d":"0.0184"}},null,"HC07 Homicide Rates","UN Office of Drugs & Crime","http://www.unodc.org/documents/gsh/pdfs/2014_GLOBAL_HOMICIDE_BOOK_web.pdf  (Excel Data http://www.unodc.org/gsh/en/data.html)"]
["IF10 Railways per Land Area",{"$f":"HLOOKUP(A80,'[1]R-Sq'!$E$1:$DB$108,108,FALSE)","v":{"v":0.016812185219220743,"d":"0.0168"}},null,"HC08 Top Tourism Destinations","Euromonitor","http://blog.euromonitor.com/2015/01/top-100-city-destinations-ranking.html"]
["HC12 Health Care Index",{"$f":"HLOOKUP(A81,'[1]R-Sq'!$E$1:$DB$108,108,FALSE)","v":{"v":0.015699176373586612,"d":"0.0157"}},null,"HC09 Average precipitation in depth (mm per year)","The World Bank","http://data.worldbank.org/indicator/AG.LND.PRCP.MM","NEW"]
["IF09 Roadways per Land Area",{"$f":"HLOOKUP(A82,'[1]R-Sq'!$E$1:$DB$108,108,FALSE)","v":{"v":0.014815958170977512,"d":"0.0148"}},null,"HC10 Quality of Living City Rankings","Mercer","http://www.mercer.com","NEW"]
["HC13 Global Skills Index",{"$f":"HLOOKUP(A83,'[1]R-Sq'!$E$1:$DB$108,108,FALSE)","v":{"v":0.014395699011699256,"d":"0.0144"}},null,"HC11 Global Talent Index","EIU","http://www.economistinsights.com/search/node/global%20talent%20index%202011%202015"]
["HC20 Crime Index",{"$f":"HLOOKUP(A84,'[1]R-Sq'!$E$1:$DB$108,108,FALSE)","v":{"v":0.012955015931934061,"d":"0.0130"}},null,"HC12 Health Care Index","Numbeo","http://www.numbeo.com/health-care/rankings.jsp","NEW"]
["FS05 Value of Bond Trading",{"$f":"HLOOKUP(A85,'[1]R-Sq'!$E$1:$DB$108,108,FALSE)","v":{"v":0.01032777160774945,"d":"0.0103"}},null,"HC13 Global Skills Index","Hays","http://www.hays-index.com/","YES"]
["RF10 RPI (% change on year ago)",{"$f":"HLOOKUP(A86,'[1]R-Sq'!$E$1:$DB$108,108,FALSE)","v":{"v":0.010204503781648848,"d":"0.0102"}},null,"HC14 Linguistic Diversity","Ethnologue","http://www.ethnologue.com/statistics/country","YES"]
["HC14 Linguistic Diversity",{"$f":"HLOOKUP(A87,'[1]R-Sq'!$E$1:$DB$108,108,FALSE)","v":{"v":0.008412408862556894,"d":"0.0084"}},null,"HC15 Global Terrorism Index","Institute for Economics & Peace","http://www.visionofhumanity.org/","YES"]
["BE17 Global Peace Index",{"$f":"HLOOKUP(A88,'[1]R-Sq'!$E$1:$DB$108,108,FALSE)","v":{"v":0.00800515673752063,"d":"0.0080"}},null,"HC16 World Talent Rankings","IMD","http://www.imd.org/wcc/news-talent-report/","YES"]
["HC19 Quality of Life Index",{"$f":"HLOOKUP(A89,'[1]R-Sq'!$E$1:$DB$108,108,FALSE)","v":{"v":0.007232952692395021,"d":"0.0072"}},null,"HC17 Cost of Living City Rankings","Mercer","http://www.mercer.com"]
["RF03 Business Confidence Index",{"$f":"HLOOKUP(A90,'[1]R-Sq'!$E$1:$DB$108,108,FALSE)","v":{"v":0.007201348349012538,"d":"0.0072"}},null,"HC18 Health Outcomes and Cost ","EIU","http://www.eiu.com/Handlers/WhitepaperHandler.ashx?fi=Healthcare-outcomes-index-2014.pdf&mode=wp&campaignid=Healthoutcome2014 "]
["BE05 Global Services Location",{"$f":"HLOOKUP(A91,'[1]R-Sq'!$E$1:$DB$108,108,FALSE)","v":{"v":0.007200190929020387,"d":"0.0072"}},null,"HC19 Quality of Life Index","Numbeo","http://www.numbeo.com/quality-of-life/rankings.jsp","YES"]
["RF23 FDI inward stock as a percentage of GDP",{"$f":"HLOOKUP(A92,'[1]R-Sq'!$E$1:$DB$108,108,FALSE)","v":{"v":0.005946594506428308,"d":"0.0059"}},null,"HC20 Crime Index","Numbeo","http://www.numbeo.com/crime/rankings.jsp#","YES"]
["IF16 Global Sustainable Competitiveness Index",{"$f":"HLOOKUP(A93,'[1]R-Sq'!$E$1:$DB$108,108,FALSE)","v":{"v":0.005754708876275965,"d":"0.0058"}}]
["BE15 Government Debt as % of GDP",{"$f":"HLOOKUP(A94,'[1]R-Sq'!$E$1:$DB$108,108,FALSE)","v":{"v":4.1350304859998875E-3,"d":"0.0041"}},null,"Reputation & General",null,null,"Updated since GFCI 18"]
["HC01 Graduates in social Science, Business and Law (as % of total graduates)",{"$f":"HLOOKUP(A95,'[1]R-Sq'!$E$1:$DB$108,108,FALSE)","v":{"v":2.8014125706849985E-3,"d":"0.0028"}},null,"Factor","Source","Website"]
["FS04 Broad Stock Index Levels",{"$f":"HLOOKUP(A96,'[1]R-Sq'!$E$1:$DB$108,108,FALSE)","v":{"v":0.002597401199514312,"d":"0.0026"}},null,"RF01 World Competitiveness Scoreboard","IMD","http://www.imd.ch/research/publications/wcy/competitiveness_scoreboard.cfmue"]
["BE12 Bilateral Tax Information Exchange Agreements",{"$f":"HLOOKUP(A97,'[1]R-Sq'!$E$1:$DB$108,108,FALSE)","v":{"v":1.2334129514116653E-3,"d":"0.0012"}},null,"RF02 Global Competitiveness Index","World Economic Forum","http://www.weforum.org/en/initiatives/gcp/Global%20Competitiveness%20Report/index.htm","YES"]
["BE25 Commonwealth Countries",{"$f":"HLOOKUP(A98,'[1]R-Sq'!$E$1:$DB$108,108,FALSE)","v":{"v":1.0404832978761218E-3,"d":"0.0010"}},null,"RF03 Business Confidence Index","Grant Thornton","http://www.grantthornton.ie/Publications/International-Business-Report-(IBR)"]
["RF06 City to Country GDP Ratio",{"$f":"HLOOKUP(A99,'[1]R-Sq'!$E$1:$DB$108,108,FALSE)","v":{"v":8.8628586064414525E-4,"d":"0.0009"}},null,"RF04 Foreign Direct Investment Inflows","UNCTAD","http://unctadstat.unctad.org/ReportFolders/reportFolders.aspx?sRF_ActivePath=P,5,27&sRF_Expanded=,P,5,27 ","YES"]
["HC15 Global Terrorism Index",{"$f":"HLOOKUP(A100,'[1]R-Sq'!$E$1:$DB$108,108,FALSE)","v":{"v":4.5427147851118951E-4,"d":"0.0005"}},null,"RF05 FDI Confidence Index","AT Kearney","http://www.atkearney.com/research-studies/foreign-direct-investment-confidence-index"]
["HC02 Gross Tertiary Graduation Ratio",{"$f":"HLOOKUP(A101,'[1]R-Sq'!$E$1:$DB$108,108,FALSE)","v":{"v":3.5214267446854688E-4,"d":"0.0004"}},null,"RF06 City to Country GDP Ratio","The Brookings Institution","http://www.brookings.edu/research/interactives/global-metro-monitor-3"]
["BE09 Employee Tax Rates",{"$f":"HLOOKUP(A102,'[1]R-Sq'!$E$1:$DB$108,108,FALSE)","v":{"v":3.2847902789104181E-5,"d":"0.0000"}},null,"RF07 GDP per Person Employed","The World Bank","http://databank.worldbank.org/data/reports.aspx?source=world-development-indicators","YES"]
["HC09 Average precipitation in depth (mm per year)",{"$f":"HLOOKUP(A103,'[1]R-Sq'!$E$1:$DB$108,108,FALSE)","v":{"v":2.1429820785515991E-5,"d":"0.0000"}},null,"RF08 Global Innovation Index","INSEAD","http://www.globalinnovationindex.org/content.aspx?page=GII-Home","YES"]
["RF15 Big Mac Index",{"$f":"HLOOKUP(A104,'[1]R-Sq'!$E$1:$DB$108,108,FALSE)","v":{"v":1.4068845417511438E-5,"d":"0.0000"}},null,"RF09 Global Intellectual Property Index","Taylor Wessing","http://www.taylorwessing.com/ipindex/"]
["BE23 Press Freedom Index",{"$f":"HLOOKUP(A105,'[1]R-Sq'!$E$1:$DB$108,108,FALSE)","v":{"v":7.4462335213603192E-6,"d":"0.0000"}},null,"RF10 RPI (% change on year ago)","The Economist","http://www.economist.com/markets/indicators/","YES"]
[{"$nulls":3},"RF11 Price Levels","UBS","http://www.ubs.com/1/e/wealthmanagement/wealth_management_research/prices_earnings.html","YES"]
[{"$nulls":3},"RF12 Global Cities Index","AT Kearney","http://www.atkearney.com/research-studies/global-cities-index"]
[{"$nulls":3},"RF13 Number of International Association Meetings","World Economic Forum","http://www.weforum.org/en/initiatives/gcp/TravelandTourismReport/CompetitivenessIndex/index.htm"]
[{"$nulls":3},"RF14 Innovation Cities Global Index","2ThinkNow Innovation Cities","http://www.innovation-cities.com/","YES"]
[{"$nulls":3},"RF15 Big Mac Index","The Economist","http://www.economist.com/content/big-mac-index","YES"]
[{"$nulls":3},"RF16 Sustainable Economic Development","Boston Consulting Group","https://www.bcgperspectives.com/content/interactive/public_sector_globalization_interactive_map_sustainable_economic_development/"]
[{"$nulls":3},"RF17 Global Enabling Trade Report","World Economic Forum","http://www.weforum.org/issues/international-trade"]
[{"$nulls":3},"RF18 Good Country Index","Good Country Party","http://www.goodcountry.org/overall"]
[{"$nulls":3},"RF19 City Prosperity Index","United Nations","https://sustainabledevelopment.un.org/content/documents/745habitat.pdf"]
[{"$nulls":3},"RF20 Legatum Prosperity Index ","Legatum Institute","http://www.prosperity.com/#!/ranking","YES"]
[{"$nulls":3},"RF21 City Initiatives for Technology, Innovation and Entrepreneurship","CITIE","http://citie.org/2015-results/"]
[{"$nulls":3},"RF22 IESE cities in motion index ","IESE","http://citiesinmotion.iese.edu/indicecim/?lang=en "]
[{"$nulls":3},"RF23 FDI Inflows to GDP","UNCTAD","http://unctad.org/en/Pages/DIAE/World%20Investment%20Report/Annex-Tables.aspx","NEW"]